CRAN Package Check Results for Package boundingbox

Last updated on 2023-10-03 19:05:48 CEST.

Flavor Version Tinstall Tcheck Ttotal Status Flags
r-devel-linux-x86_64-debian-clang 1.0.1 2.94 29.66 32.60 NOTE
r-devel-linux-x86_64-debian-gcc 1.0.1 2.27 23.05 25.32 NOTE
r-devel-linux-x86_64-fedora-clang 1.0.1 40.11 NOTE
r-devel-linux-x86_64-fedora-gcc 1.0.1 51.54 NOTE
r-devel-windows-x86_64 1.0.1 4.00 46.00 50.00 NOTE
r-patched-linux-x86_64 1.0.1 2.75 28.57 31.32 NOTE
r-release-linux-x86_64 1.0.1 1.96 28.95 30.91 NOTE
r-release-macos-arm64 1.0.1 27.00 NOTE
r-release-macos-x86_64 1.0.1 32.00 NOTE
r-release-windows-x86_64 1.0.1 5.00 47.00 52.00 NOTE
r-oldrel-macos-arm64 1.0.1 22.00 NOTE
r-oldrel-macos-x86_64 1.0.1 26.00 NOTE
r-oldrel-windows-x86_64 1.0.1 5.00 50.00 55.00 NOTE

Check Details

Version: 1.0.1
Check: LazyData
Result: NOTE
     'LazyData' is specified without a 'data' directory
Flavors: r-devel-linux-x86_64-debian-clang, r-devel-linux-x86_64-debian-gcc, r-devel-linux-x86_64-fedora-clang, r-devel-linux-x86_64-fedora-gcc, r-devel-windows-x86_64, r-patched-linux-x86_64, r-release-linux-x86_64, r-release-macos-arm64, r-release-macos-x86_64, r-release-windows-x86_64, r-oldrel-macos-arm64, r-oldrel-macos-x86_64, r-oldrel-windows-x86_64