CRAN Package Check Results for Package boundingbox

Last updated on 2022-10-06 21:49:48 CEST.

Flavor Version Tinstall Tcheck Ttotal Status Flags
r-devel-linux-x86_64-debian-clang 1.0.1 2.69 31.23 33.92 NOTE
r-devel-linux-x86_64-debian-gcc 1.0.1 2.15 24.58 26.73 NOTE
r-devel-linux-x86_64-fedora-clang 1.0.1 55.62 NOTE
r-devel-linux-x86_64-fedora-gcc 1.0.1 50.80 NOTE
r-devel-windows-x86_64 1.0.1 18.00 65.00 83.00 NOTE
r-patched-linux-x86_64 1.0.1 1.78 30.37 32.15 NOTE
r-release-linux-x86_64 1.0.1 2.33 30.54 32.87 NOTE
r-release-macos-arm64 1.0.1 22.00 NOTE
r-release-macos-x86_64 1.0.1 26.00 NOTE
r-release-windows-x86_64 1.0.1 17.00 59.00 76.00 NOTE
r-oldrel-macos-arm64 1.0.1 24.00 NOTE
r-oldrel-macos-x86_64 1.0.1 29.00 NOTE
r-oldrel-windows-ix86+x86_64 1.0.1 6.00 56.00 62.00 NOTE

Check Details

Version: 1.0.1
Check: LazyData
Result: NOTE
     'LazyData' is specified without a 'data' directory
Flavors: r-devel-linux-x86_64-debian-clang, r-devel-linux-x86_64-debian-gcc, r-devel-linux-x86_64-fedora-clang, r-devel-linux-x86_64-fedora-gcc, r-devel-windows-x86_64, r-patched-linux-x86_64, r-release-linux-x86_64, r-release-macos-arm64, r-release-macos-x86_64, r-release-windows-x86_64, r-oldrel-macos-arm64, r-oldrel-macos-x86_64, r-oldrel-windows-ix86+x86_64