CRAN Package Check Results for Package bootnet

Last updated on 2022-08-10 01:49:04 CEST.

Flavor Version Tinstall Tcheck Ttotal Status Flags
r-devel-linux-x86_64-debian-clang 1.5 16.33 173.93 190.26 OK
r-devel-linux-x86_64-debian-gcc 1.5 13.35 128.08 141.43 OK
r-devel-linux-x86_64-fedora-clang 1.5 257.14 NOTE
r-devel-linux-x86_64-fedora-gcc 1.5 253.66 OK
r-devel-windows-x86_64 1.5 29.00 195.00 224.00 OK
r-patched-linux-x86_64 1.5 18.10 161.31 179.41 OK
r-release-linux-x86_64 1.5 OK
r-release-macos-arm64 1.5 46.00 OK
r-release-macos-x86_64 1.5 109.00 OK
r-release-windows-x86_64 1.5 27.00 298.00 325.00 OK
r-oldrel-macos-arm64 1.5 52.00 OK
r-oldrel-macos-x86_64 1.5 86.00 OK
r-oldrel-windows-ix86+x86_64 1.5 52.00 186.00 238.00 OK

Check Details

Version: 1.5
Check: Rd cross-references
Result: NOTE
    Undeclared package ‘psych’ in Rd xrefs
Flavor: r-devel-linux-x86_64-fedora-clang