CRAN Package Check Results for Package boostr

Last updated on 2020-10-30 07:49:50 CET.

Flavor Version Tinstall Tcheck Ttotal Status Flags
r-devel-linux-x86_64-debian-clang 1.0.0 2.80 32.73 35.53 NOTE
r-devel-linux-x86_64-debian-gcc 1.0.0 2.19 25.70 27.89 NOTE
r-devel-linux-x86_64-fedora-clang 1.0.0 52.78 NOTE
r-devel-linux-x86_64-fedora-gcc 1.0.0 47.68 NOTE
r-devel-windows-ix86+x86_64 1.0.0 7.00 52.00 59.00 NOTE
r-patched-linux-x86_64 1.0.0 3.35 31.45 34.80 NOTE
r-patched-solaris-x86 1.0.0 62.70 NOTE
r-release-linux-x86_64 1.0.0 3.22 30.91 34.13 NOTE
r-release-macos-x86_64 1.0.0 NOTE
r-release-windows-ix86+x86_64 1.0.0 5.00 53.00 58.00 NOTE
r-oldrel-macos-x86_64 1.0.0 NOTE
r-oldrel-windows-ix86+x86_64 1.0.0 10.00 49.00 59.00 NOTE

Check Details

Version: 1.0.0
Check: DESCRIPTION meta-information
Result: NOTE
    Malformed Title field: should not end in a period.
Flavors: r-devel-linux-x86_64-debian-clang, r-devel-linux-x86_64-debian-gcc, r-devel-linux-x86_64-fedora-clang, r-devel-linux-x86_64-fedora-gcc, r-devel-windows-ix86+x86_64, r-patched-linux-x86_64, r-patched-solaris-x86, r-release-linux-x86_64, r-release-macos-x86_64, r-release-windows-ix86+x86_64, r-oldrel-macos-x86_64, r-oldrel-windows-ix86+x86_64

Version: 1.0.0
Check: R code for possible problems
Result: NOTE
    boostBackend: no visible global function definition for 'model.frame'
    findFormulaIn: no visible global function definition for 'as.formula'
    kFoldCV: no visible binding for global variable 'par'
    predictResponseFromWeightedAverage: no visible global function
     definition for 'weighted.mean'
    print.boostr: no visible global function definition for 'str'
    Undefined global functions or variables:
     as.formula model.frame par str weighted.mean
    Consider adding
     importFrom("graphics", "par")
     importFrom("stats", "as.formula", "model.frame", "weighted.mean")
     importFrom("utils", "str")
    to your NAMESPACE file.
Flavors: r-devel-linux-x86_64-debian-clang, r-devel-linux-x86_64-debian-gcc, r-devel-linux-x86_64-fedora-clang, r-devel-linux-x86_64-fedora-gcc, r-devel-windows-ix86+x86_64, r-patched-linux-x86_64, r-patched-solaris-x86, r-release-linux-x86_64, r-release-macos-x86_64, r-release-windows-ix86+x86_64, r-oldrel-macos-x86_64, r-oldrel-windows-ix86+x86_64