CRAN Package Check Results for Package bold

Last updated on 2022-12-10 00:49:48 CET.

Flavor Version Tinstall Tcheck Ttotal Status Flags
r-devel-linux-x86_64-debian-clang 1.2.0 6.40 71.10 77.50 OK
r-devel-linux-x86_64-debian-gcc 1.2.0 4.72 54.78 59.50 OK
r-devel-linux-x86_64-fedora-clang 1.2.0 95.09 OK
r-devel-linux-x86_64-fedora-gcc 1.2.0 106.67 OK
r-devel-windows-x86_64 1.2.0 26.00 109.00 135.00 OK
r-patched-linux-x86_64 1.2.0 6.36 66.91 73.27 OK
r-release-linux-x86_64 1.2.0 3.84 66.41 70.25 OK
r-release-macos-arm64 1.2.0 29.00 NOTE
r-release-macos-x86_64 1.2.0 43.00 NOTE
r-release-windows-x86_64 1.2.0 22.00 116.00 138.00 OK
r-oldrel-macos-arm64 1.2.0 37.00 NOTE
r-oldrel-macos-x86_64 1.2.0 46.00 NOTE
r-oldrel-windows-ix86+x86_64 1.2.0 12.00 94.00 106.00 OK

Check Details

Version: 1.2.0
Check: package dependencies
Result: NOTE
    Package suggested but not available for checking: ‘sangerseqR’
Flavors: r-release-macos-arm64, r-release-macos-x86_64, r-oldrel-macos-arm64, r-oldrel-macos-x86_64