CRAN Package Check Results for Package boilerpipeR

Last updated on 2024-06-22 12:48:21 CEST.

Flavor Version Tinstall Tcheck Ttotal Status Flags
r-devel-linux-x86_64-debian-clang 1.3.2 3.25 57.51 60.76 NOTE
r-devel-linux-x86_64-debian-gcc 1.3.2 3.12 43.97 47.09 NOTE
r-devel-linux-x86_64-fedora-clang 1.3.2 75.40 NOTE
r-devel-linux-x86_64-fedora-gcc 1.3.2 80.05 NOTE
r-devel-windows-x86_64 1.3.2 4.00 76.00 80.00 NOTE
r-patched-linux-x86_64 1.3.2 3.86 55.77 59.63 NOTE
r-release-linux-x86_64 1.3.2 4.16 55.25 59.41 NOTE
r-release-macos-arm64 1.3.2 32.00 NOTE
r-release-macos-x86_64 1.3.2 53.00 NOTE
r-release-windows-x86_64 1.3.2 5.00 75.00 80.00 NOTE
r-oldrel-macos-arm64 1.3.2 36.00 OK
r-oldrel-macos-x86_64 1.3.2 44.00 OK
r-oldrel-windows-x86_64 1.3.2 4.00 75.00 79.00 OK

Check Details

Version: 1.3.2
Check: Rd files
Result: NOTE checkRd: (-1) Extractor.Rd:13: Lost braces in \itemize; meant \describe ? checkRd: (-1) Extractor.Rd:14: Lost braces in \itemize; meant \describe ? checkRd: (-1) Extractor.Rd:15: Lost braces in \itemize; meant \describe ? checkRd: (-1) Extractor.Rd:16: Lost braces in \itemize; meant \describe ? checkRd: (-1) Extractor.Rd:17: Lost braces in \itemize; meant \describe ? checkRd: (-1) Extractor.Rd:18: Lost braces in \itemize; meant \describe ? checkRd: (-1) Extractor.Rd:19: Lost braces in \itemize; meant \describe ? Flavors: r-devel-linux-x86_64-debian-clang, r-devel-linux-x86_64-debian-gcc, r-devel-linux-x86_64-fedora-clang, r-devel-linux-x86_64-fedora-gcc, r-devel-windows-x86_64, r-patched-linux-x86_64, r-release-linux-x86_64, r-release-macos-arm64, r-release-macos-x86_64, r-release-windows-x86_64