CRAN Package Check Results for Package bnpa

Last updated on 2022-09-28 12:55:13 CEST.

Flavor Version Tinstall Tcheck Ttotal Status Flags
r-devel-linux-x86_64-debian-clang 0.3.0 3.78 42.98 46.76 OK
r-devel-linux-x86_64-debian-gcc 0.3.0 2.82 32.99 35.81 OK
r-devel-linux-x86_64-fedora-clang 0.3.0 72.62 NOTE
r-devel-linux-x86_64-fedora-gcc 0.3.0 68.81 NOTE
r-devel-windows-x86_64 0.3.0 16.00 76.00 92.00 OK
r-patched-linux-x86_64 0.3.0 3.57 41.97 45.54 OK
r-release-linux-x86_64 0.3.0 3.49 41.25 44.74 OK
r-release-macos-arm64 0.3.0 22.00 NOTE
r-release-macos-x86_64 0.3.0 36.00 NOTE
r-release-windows-x86_64 0.3.0 20.00 71.00 91.00 OK
r-oldrel-macos-arm64 0.3.0 22.00 OK
r-oldrel-macos-x86_64 0.3.0 34.00 NOTE
r-oldrel-windows-ix86+x86_64 0.3.0 9.00 67.00 76.00 OK

Check Details

Version: 0.3.0
Check: dependencies in R code
Result: NOTE
    Namespaces in Imports field not imported from:
     ‘Rgraphviz’ ‘fastDummies’
     All declared Imports should be used.
Flavors: r-devel-linux-x86_64-fedora-clang, r-devel-linux-x86_64-fedora-gcc, r-release-macos-arm64, r-release-macos-x86_64, r-oldrel-macos-x86_64