Last updated on 2022-08-11 18:50:11 CEST.
Flavor | Version | Tinstall | Tcheck | Ttotal | Status | Flags |
---|---|---|---|---|---|---|
r-devel-linux-x86_64-debian-clang | 1.3.12 | 257.66 | 108.98 | 366.64 | NOTE | |
r-devel-linux-x86_64-debian-gcc | 1.3.12 | 209.01 | 88.81 | 297.82 | NOTE | |
r-devel-linux-x86_64-fedora-clang | 1.3.12 | 488.94 | NOTE | |||
r-devel-linux-x86_64-fedora-gcc | 1.3.12 | 514.38 | NOTE | |||
r-devel-windows-x86_64 | 1.3.12 | 164.00 | 175.00 | 339.00 | NOTE | |
r-patched-linux-x86_64 | 1.3.12 | 180.21 | 116.37 | 296.58 | NOTE | |
r-release-linux-x86_64 | 1.3.12 | 174.39 | 113.57 | 287.96 | NOTE | |
r-release-macos-arm64 | 1.3.12 | 134.00 | NOTE | |||
r-release-macos-x86_64 | 1.3.12 | 208.00 | NOTE | |||
r-release-windows-x86_64 | 1.3.12 | 183.00 | 173.00 | 356.00 | NOTE | |
r-oldrel-macos-arm64 | 1.3.12 | 138.00 | NOTE | |||
r-oldrel-macos-x86_64 | 1.3.12 | 162.00 | NOTE | |||
r-oldrel-windows-ix86+x86_64 | 1.3.12 | 277.00 | 144.00 | 421.00 | NOTE |
Version: 1.3.12
Check: for GNU extensions in Makefiles
Result: NOTE
GNU make is a SystemRequirements.
Flavors: r-devel-linux-x86_64-debian-clang, r-devel-linux-x86_64-debian-gcc, r-devel-linux-x86_64-fedora-clang, r-devel-linux-x86_64-fedora-gcc, r-devel-windows-x86_64, r-patched-linux-x86_64, r-release-linux-x86_64, r-release-macos-arm64, r-release-macos-x86_64, r-release-windows-x86_64, r-oldrel-macos-arm64, r-oldrel-macos-x86_64, r-oldrel-windows-ix86+x86_64
Version: 1.3.12
Check: installed package size
Result: NOTE
installed size is 33.6Mb
sub-directories of 1Mb or more:
libs 33.2Mb
Flavors: r-devel-linux-x86_64-fedora-clang, r-release-macos-arm64, r-release-macos-x86_64, r-oldrel-macos-arm64, r-oldrel-macos-x86_64
Version: 1.3.12
Check: dependencies in R code
Result: NOTE
Namespaces in Imports field not imported from:
‘RcppParallel’ ‘rstantools’
All declared Imports should be used.
Flavors: r-devel-linux-x86_64-fedora-clang, r-devel-linux-x86_64-fedora-gcc, r-release-macos-arm64, r-release-macos-x86_64, r-oldrel-macos-arm64, r-oldrel-macos-x86_64