CRAN Package Check Results for Package bltm

Last updated on 2022-12-04 06:49:13 CET.

Flavor Version Tinstall Tcheck Ttotal Status Flags
r-devel-linux-x86_64-debian-clang 0.1.0 3.00 25.66 28.66 NOTE
r-devel-linux-x86_64-debian-gcc 0.1.0 2.29 19.45 21.74 NOTE
r-devel-linux-x86_64-fedora-clang 0.1.0 45.96 NOTE
r-devel-linux-x86_64-fedora-gcc 0.1.0 45.15 NOTE
r-devel-windows-x86_64 0.1.0 13.00 53.00 66.00 NOTE
r-patched-linux-x86_64 0.1.0 2.82 24.73 27.55 NOTE
r-release-linux-x86_64 0.1.0 2.95 24.70 27.65 NOTE
r-release-macos-arm64 0.1.0 17.00 NOTE
r-release-macos-x86_64 0.1.0 22.00 NOTE
r-release-windows-x86_64 0.1.0 7.00 54.00 61.00 NOTE
r-oldrel-macos-arm64 0.1.0 20.00 NOTE
r-oldrel-macos-x86_64 0.1.0 24.00 NOTE
r-oldrel-windows-ix86+x86_64 0.1.0 5.00 49.00 54.00 NOTE

Check Details

Version: 0.1.0
Check: LazyData
Result: NOTE
     'LazyData' is specified without a 'data' directory
Flavors: r-devel-linux-x86_64-debian-clang, r-devel-linux-x86_64-debian-gcc, r-devel-linux-x86_64-fedora-clang, r-devel-linux-x86_64-fedora-gcc, r-devel-windows-x86_64, r-patched-linux-x86_64, r-release-linux-x86_64, r-release-macos-arm64, r-release-macos-x86_64, r-release-windows-x86_64, r-oldrel-macos-arm64, r-oldrel-macos-x86_64, r-oldrel-windows-ix86+x86_64