Last updated on 2023-01-30 00:31:06 CET.
Flavor | Version | Tinstall | Tcheck | Ttotal | Status | Flags |
---|---|---|---|---|---|---|
r-devel-linux-x86_64-debian-clang | 0.1.5 | 1.86 | 179.88 | 181.74 | OK | |
r-devel-linux-x86_64-debian-gcc | 0.1.5 | 2.02 | 118.26 | 120.28 | OK | |
r-devel-linux-x86_64-fedora-clang | 0.1.5 | 222.89 | NOTE | |||
r-devel-linux-x86_64-fedora-gcc | 0.1.5 | 216.90 | OK | |||
r-devel-windows-x86_64 | 0.1.5 | 16.00 | 193.00 | 209.00 | OK | |
r-patched-linux-x86_64 | 0.1.5 | 2.81 | 166.39 | 169.20 | OK | |
r-release-linux-x86_64 | 0.1.5 | 2.22 | 165.78 | 168.00 | OK | |
r-release-macos-arm64 | 0.1.5 | 43.00 | OK | |||
r-release-macos-x86_64 | 0.1.5 | 61.00 | OK | |||
r-release-windows-x86_64 | 0.1.5 | 14.00 | 184.00 | 198.00 | OK | |
r-oldrel-macos-arm64 | 0.1.5 | 46.00 | OK | |||
r-oldrel-macos-x86_64 | 0.1.5 | 65.00 | OK | |||
r-oldrel-windows-ix86+x86_64 | 0.1.5 | 6.00 | 207.00 | 213.00 | OK |
Version: 0.1.5
Check: Rd cross-references
Result: NOTE
Undeclared package ‘np’ in Rd xrefs
Flavor: r-devel-linux-x86_64-fedora-clang