Last updated on 2022-08-11 12:55:26 CEST.
Flavor | Version | Tinstall | Tcheck | Ttotal | Status | Flags |
---|---|---|---|---|---|---|
r-devel-linux-x86_64-debian-clang | 0.1.1 | 121.81 | 46.85 | 168.66 | NOTE | |
r-devel-linux-x86_64-debian-gcc | 0.1.1 | 98.51 | 35.80 | 134.31 | NOTE | |
r-devel-linux-x86_64-fedora-clang | 0.1.1 | 264.58 | NOTE | |||
r-devel-linux-x86_64-fedora-gcc | 0.1.1 | 236.32 | NOTE | |||
r-devel-windows-x86_64 | 0.1.1 | 116.00 | 90.00 | 206.00 | NOTE | |
r-patched-linux-x86_64 | 0.1.1 | 117.29 | 45.59 | 162.88 | NOTE | |
r-release-linux-x86_64 | 0.1.1 | NOTE | ||||
r-release-macos-arm64 | 0.1.1 | 56.00 | NOTE | |||
r-release-macos-x86_64 | 0.1.1 | 70.00 | NOTE | |||
r-release-windows-x86_64 | 0.1.1 | 114.00 | 93.00 | 207.00 | NOTE | |
r-oldrel-macos-arm64 | 0.1.1 | 65.00 | NOTE | |||
r-oldrel-macos-x86_64 | 0.1.1 | 106.00 | NOTE | |||
r-oldrel-windows-ix86+x86_64 | 0.1.1 | 304.00 | 99.00 | 403.00 | NOTE |
Version: 0.1.1
Check: LazyData
Result: NOTE
'LazyData' is specified without a 'data' directory
Flavors: r-devel-linux-x86_64-debian-clang, r-devel-linux-x86_64-debian-gcc, r-devel-linux-x86_64-fedora-clang, r-devel-linux-x86_64-fedora-gcc, r-devel-windows-x86_64, r-patched-linux-x86_64, r-release-linux-x86_64, r-release-macos-arm64, r-release-macos-x86_64, r-release-windows-x86_64, r-oldrel-macos-arm64, r-oldrel-macos-x86_64, r-oldrel-windows-ix86+x86_64
Version: 0.1.1
Check: installed package size
Result: NOTE
installed size is 5.4Mb
sub-directories of 1Mb or more:
libs 5.0Mb
Flavor: r-oldrel-macos-arm64