CRAN Package Check Results for Package biwt

Last updated on 2020-10-28 01:49:29 CET.

Flavor Version Tinstall Tcheck Ttotal Status Flags
r-devel-linux-x86_64-debian-clang 1.0 3.70 33.72 37.42 NOTE
r-devel-linux-x86_64-debian-gcc 1.0 2.83 27.10 29.93 NOTE
r-devel-linux-x86_64-fedora-clang 1.0 55.10 NOTE
r-devel-linux-x86_64-fedora-gcc 1.0 44.26 NOTE
r-devel-windows-ix86+x86_64 1.0 9.00 57.00 66.00 NOTE
r-patched-linux-x86_64 1.0 NOTE
r-patched-solaris-x86 1.0 68.60 NOTE
r-release-linux-x86_64 1.0 4.01 31.97 35.98 NOTE
r-release-macos-x86_64 1.0 NOTE
r-release-windows-ix86+x86_64 1.0 7.00 40.00 47.00 NOTE
r-oldrel-macos-x86_64 1.0 NOTE
r-oldrel-windows-ix86+x86_64 1.0 19.00 51.00 70.00 NOTE

Check Details

Version: 1.0
Check: R code for possible problems
Result: NOTE
    biwt.cor: no visible global function definition for 'covMcd'
    biwt.cor: no visible binding for global variable 'mad'
    biwt.est: no visible global function definition for 'covMcd'
    biwt.est: no visible global function definition for 'mahalanobis'
    chi.int: no visible global function definition for 'pchisq'
    chi.int.p: no visible global function definition for 'dchisq'
    chi.int2: no visible global function definition for 'pchisq'
    chi.int2.p: no visible global function definition for 'dchisq'
    rejpt.bw: no visible global function definition for 'pchisq'
    Undefined global functions or variables:
     covMcd dchisq mad mahalanobis pchisq
    Consider adding
     importFrom("stats", "dchisq", "mad", "mahalanobis", "pchisq")
    to your NAMESPACE file.
Flavors: r-devel-linux-x86_64-debian-clang, r-devel-linux-x86_64-debian-gcc, r-devel-linux-x86_64-fedora-clang, r-devel-linux-x86_64-fedora-gcc, r-devel-windows-ix86+x86_64, r-patched-linux-x86_64, r-patched-solaris-x86, r-release-linux-x86_64, r-release-macos-x86_64, r-release-windows-ix86+x86_64, r-oldrel-macos-x86_64, r-oldrel-windows-ix86+x86_64