CRAN Package Check Results for Package bivquant

Last updated on 2020-05-25 01:48:48 CEST.

Flavor Version Tinstall Tcheck Ttotal Status Flags
r-devel-linux-x86_64-debian-clang 0.1 9.27 76.41 85.68 OK
r-devel-linux-x86_64-debian-gcc 0.1 7.43 59.07 66.50 OK
r-devel-linux-x86_64-fedora-clang 0.1 100.99 NOTE
r-devel-linux-x86_64-fedora-gcc 0.1 100.20 NOTE
r-devel-windows-ix86+x86_64 0.1 27.00 85.00 112.00 OK
r-patched-linux-x86_64 0.1 9.07 75.27 84.34 OK
r-patched-solaris-x86 0.1 158.40 NOTE
r-release-linux-x86_64 0.1 9.51 74.71 84.22 OK
r-release-osx-x86_64 0.1 NOTE
r-release-windows-ix86+x86_64 0.1 18.00 120.00 138.00 OK
r-oldrel-osx-x86_64 0.1 NOTE
r-oldrel-windows-ix86+x86_64 0.1 16.00 120.00 136.00 OK

Check Details

Version: 0.1
Check: dependencies in R code
Result: NOTE
    Namespace in Imports field not imported from: ‘MASS’
     All declared Imports should be used.
Flavors: r-devel-linux-x86_64-fedora-clang, r-devel-linux-x86_64-fedora-gcc, r-patched-solaris-x86, r-release-osx-x86_64, r-oldrel-osx-x86_64