Last updated on 2022-08-12 06:49:15 CEST.
Flavor | Version | Tinstall | Tcheck | Ttotal | Status | Flags |
---|---|---|---|---|---|---|
r-devel-linux-x86_64-debian-clang | 0.3 | 13.94 | 122.86 | 136.80 | OK | |
r-devel-linux-x86_64-debian-gcc | 0.3 | 12.09 | 93.24 | 105.33 | OK | |
r-devel-linux-x86_64-fedora-clang | 0.3 | 172.45 | NOTE | |||
r-devel-linux-x86_64-fedora-gcc | 0.3 | 171.69 | NOTE | |||
r-devel-windows-x86_64 | 0.3 | 23.00 | 144.00 | 167.00 | OK | |
r-patched-linux-x86_64 | 0.3 | 16.55 | 119.43 | 135.98 | OK | |
r-release-linux-x86_64 | 0.3 | 12.45 | 118.53 | 130.98 | OK | |
r-release-macos-arm64 | 0.3 | 43.00 | NOTE | |||
r-release-macos-x86_64 | 0.3 | 65.00 | NOTE | |||
r-release-windows-x86_64 | 0.3 | 23.00 | 148.00 | 171.00 | OK | |
r-oldrel-macos-arm64 | 0.3 | 98.00 | NOTE | |||
r-oldrel-macos-x86_64 | 0.3 | 109.00 | NOTE | |||
r-oldrel-windows-ix86+x86_64 | 0.3 | 29.00 | 147.00 | 176.00 | OK |
Version: 0.3
Check: dependencies in R code
Result: NOTE
Namespace in Imports field not imported from: ‘MASS’
All declared Imports should be used.
Flavors: r-devel-linux-x86_64-fedora-clang, r-devel-linux-x86_64-fedora-gcc, r-release-macos-arm64, r-release-macos-x86_64, r-oldrel-macos-arm64, r-oldrel-macos-x86_64