CRAN Package Check Results for Package bit64

Last updated on 2024-03-04 12:52:10 CET.

Flavor Version Tinstall Tcheck Ttotal Status Flags
r-devel-linux-x86_64-debian-clang 4.0.5 17.63 63.08 80.71 NOTE
r-devel-linux-x86_64-debian-gcc 4.0.5 12.78 47.22 60.00 NOTE
r-devel-linux-x86_64-fedora-clang 4.0.5 96.54 NOTE
r-devel-linux-x86_64-fedora-gcc 4.0.5 94.17 NOTE
r-devel-windows-x86_64 4.0.5 18.00 80.00 98.00 NOTE
r-patched-linux-x86_64 4.0.5 22.53 61.40 83.93 OK
r-release-linux-x86_64 4.0.5 14.36 60.49 74.85 OK
r-release-macos-arm64 4.0.5 32.00 OK
r-release-macos-x86_64 4.0.5 39.00 OK
r-release-windows-x86_64 4.0.5 22.00 89.00 111.00 OK
r-oldrel-macos-arm64 4.0.5 30.00 OK
r-oldrel-windows-x86_64 4.0.5 20.00 86.00 106.00 OK

Check Details

Version: 4.0.5
Check: Rd files
Result: NOTE checkRd: (-1) keypos.rd:27: Lost braces 27 | an integer vector of the same length as code{x} containing positions relativ to code{sort(unique(x), na.last=FALSE)} | ^ checkRd: (-1) keypos.rd:27: Lost braces 27 | an integer vector of the same length as code{x} containing positions relativ to code{sort(unique(x), na.last=FALSE)} | ^ Flavors: r-devel-linux-x86_64-debian-clang, r-devel-linux-x86_64-debian-gcc, r-devel-linux-x86_64-fedora-clang, r-devel-linux-x86_64-fedora-gcc, r-devel-windows-x86_64