CRAN Package Check Results for Package bisque

Last updated on 2022-09-26 06:51:07 CEST.

Flavor Version Tinstall Tcheck Ttotal Status Flags
r-devel-linux-x86_64-debian-clang 1.0.2 130.72 47.31 178.03 OK
r-devel-linux-x86_64-debian-gcc 1.0.2 109.30 36.33 145.63 OK
r-devel-linux-x86_64-fedora-clang 1.0.2 272.34 OK
r-devel-linux-x86_64-fedora-gcc 1.0.2 259.16 OK
r-devel-windows-x86_64 1.0.2 107.00 114.00 221.00 OK
r-patched-linux-x86_64 1.0.2 122.33 44.54 166.87 OK
r-release-linux-x86_64 1.0.2 121.03 45.87 166.90 OK
r-release-macos-arm64 1.0.2 60.00 NOTE
r-release-macos-x86_64 1.0.2 77.00 NOTE
r-release-windows-x86_64 1.0.2 105.00 98.00 203.00 OK
r-oldrel-macos-arm64 1.0.2 59.00 NOTE
r-oldrel-macos-x86_64 1.0.2 108.00 NOTE
r-oldrel-windows-ix86+x86_64 1.0.2 345.00 106.00 451.00 OK

Check Details

Version: 1.0.2
Check: installed package size
Result: NOTE
     installed size is 6.6Mb
     sub-directories of 1Mb or more:
     libs 6.5Mb
Flavors: r-release-macos-arm64, r-release-macos-x86_64, r-oldrel-macos-arm64, r-oldrel-macos-x86_64