CRAN Package Check Results for Package bipartite

Last updated on 2022-08-10 01:49:04 CEST.

Flavor Version Tinstall Tcheck Ttotal Status Flags
r-devel-linux-x86_64-debian-clang 2.17 32.81 278.62 311.43 NOTE
r-devel-linux-x86_64-debian-gcc 2.17 26.13 196.45 222.58 NOTE
r-devel-linux-x86_64-fedora-clang 2.17 370.88 NOTE
r-devel-linux-x86_64-fedora-gcc 2.17 361.84 NOTE
r-devel-windows-x86_64 2.17 90.00 357.00 447.00 NOTE
r-patched-linux-x86_64 2.17 35.80 248.33 284.13 OK
r-release-linux-x86_64 2.17 OK
r-release-macos-arm64 2.17 92.00 OK
r-release-macos-x86_64 2.17 144.00 OK
r-release-windows-x86_64 2.17 76.00 349.00 425.00 OK
r-oldrel-macos-arm64 2.17 88.00 OK
r-oldrel-macos-x86_64 2.17 149.00 OK
r-oldrel-windows-ix86+x86_64 2.17 72.00 400.00 472.00 OK

Check Details

Version: 2.17
Check: Rd files
Result: NOTE
    checkRd: (-1) NOS.Rd:6: Escaped LaTeX specials: \&
    checkRd: (-1) specieslevel.Rd:156: Escaped LaTeX specials: \&
Flavors: r-devel-linux-x86_64-debian-clang, r-devel-linux-x86_64-debian-gcc, r-devel-linux-x86_64-fedora-clang, r-devel-linux-x86_64-fedora-gcc, r-devel-windows-x86_64