CRAN Package Check Results for Package biotools

Last updated on 2024-06-25 00:57:53 CEST.

Flavor Version Tinstall Tcheck Ttotal Status Flags
r-devel-linux-x86_64-debian-clang 4.2 4.51 59.26 63.77 NOTE
r-devel-linux-x86_64-debian-gcc 4.2 3.91 43.80 47.71 NOTE
r-devel-linux-x86_64-fedora-clang 4.2 78.84 NOTE
r-devel-linux-x86_64-fedora-gcc 4.2 88.60 NOTE
r-devel-windows-x86_64 4.2 7.00 66.00 73.00 NOTE
r-patched-linux-x86_64 4.2 5.45 56.08 61.53 NOTE
r-release-linux-x86_64 4.2 3.74 55.16 58.90 NOTE
r-release-macos-arm64 4.2 31.00 NOTE
r-release-macos-x86_64 4.2 51.00 NOTE
r-release-windows-x86_64 4.2 6.00 65.00 71.00 NOTE
r-oldrel-macos-arm64 4.2 31.00 NOTE
r-oldrel-macos-x86_64 4.2 50.00 NOTE
r-oldrel-windows-x86_64 4.2 6.00 73.00 79.00 NOTE

Check Details

Version: 4.2
Check: Rd files
Result: NOTE checkRd: (-1) tocher.Rd:13: Escaped LaTeX specials: \& Flavors: r-devel-linux-x86_64-debian-clang, r-devel-linux-x86_64-debian-gcc, r-devel-linux-x86_64-fedora-clang, r-devel-linux-x86_64-fedora-gcc, r-devel-windows-x86_64, r-patched-linux-x86_64, r-release-linux-x86_64, r-release-macos-arm64, r-release-macos-x86_64, r-release-windows-x86_64, r-oldrel-macos-arm64, r-oldrel-macos-x86_64, r-oldrel-windows-x86_64