CRAN Package Check Results for Package biotools

Last updated on 2020-10-28 19:47:41 CET.

Flavor Version Tinstall Tcheck Ttotal Status Flags
r-devel-linux-x86_64-debian-clang 3.1 19.39 178.54 197.93 OK
r-devel-linux-x86_64-debian-gcc 3.1 16.83 134.31 151.14 OK
r-devel-linux-x86_64-fedora-clang 3.1 250.10 OK
r-devel-linux-x86_64-fedora-gcc 3.1 237.51 OK
r-devel-windows-ix86+x86_64 3.1 58.00 245.00 303.00 OK
r-patched-linux-x86_64 3.1 OK
r-patched-solaris-x86 3.1 357.80 OK
r-release-linux-x86_64 3.1 19.93 163.26 183.19 OK
r-release-macos-x86_64 3.1 ERROR
r-release-windows-ix86+x86_64 3.1 40.00 183.00 223.00 OK
r-oldrel-macos-x86_64 3.1 ERROR
r-oldrel-windows-ix86+x86_64 3.1 47.00 231.00 278.00 OK

Check Details

Version: 3.1
Check: package dependencies
Result: ERROR
    Package required but not available: ‘rpanel’
    
    Package suggested but not available for checking: ‘soilphysics’
    
    See section ‘The DESCRIPTION file’ in the ‘Writing R Extensions’
    manual.
Flavors: r-release-macos-x86_64, r-oldrel-macos-x86_64