CRAN Package Check Results for Package biogeo

Last updated on 2020-05-29 07:53:52 CEST.

Flavor Version Tinstall Tcheck Ttotal Status Flags
r-devel-linux-x86_64-debian-clang 1.0 15.04 133.37 148.41 NOTE
r-devel-linux-x86_64-debian-gcc 1.0 15.36 101.74 117.10 NOTE
r-devel-linux-x86_64-fedora-clang 1.0 178.51 NOTE
r-devel-linux-x86_64-fedora-gcc 1.0 180.33 NOTE
r-devel-windows-ix86+x86_64 1.0 47.00 159.00 206.00 OK
r-patched-linux-x86_64 1.0 14.88 133.28 148.16 NOTE
r-patched-solaris-x86 1.0 280.30 NOTE
r-release-linux-x86_64 1.0 15.96 134.56 150.52 NOTE
r-release-osx-x86_64 1.0 OK
r-release-windows-ix86+x86_64 1.0 41.00 190.00 231.00 OK
r-oldrel-osx-x86_64 1.0 OK
r-oldrel-windows-ix86+x86_64 1.0 33.00 157.00 190.00 OK

Check Details

Version: 1.0
Check: for non-standard things in the check directory
Result: NOTE
    Found the following files/directories:
     'pointshape.dbf' 'pointshape.shp' 'pointshape.shx'
Flavors: r-devel-linux-x86_64-debian-clang, r-devel-linux-x86_64-debian-gcc, r-devel-linux-x86_64-fedora-clang, r-devel-linux-x86_64-fedora-gcc, r-patched-linux-x86_64, r-patched-solaris-x86, r-release-linux-x86_64