CRAN Package Check Results for Package biogeo

Last updated on 2022-09-28 00:52:37 CEST.

Flavor Version Tinstall Tcheck Ttotal Status Flags
r-devel-linux-x86_64-debian-clang 1.0 37.33 338.66 375.99 NOTE
r-devel-linux-x86_64-debian-gcc 1.0 30.32 248.45 278.77 NOTE
r-devel-linux-x86_64-fedora-clang 1.0 473.42 NOTE
r-devel-linux-x86_64-fedora-gcc 1.0 475.60 NOTE
r-devel-windows-x86_64 1.0 56.00 378.00 434.00 OK
r-patched-linux-x86_64 1.0 40.49 324.83 365.32 NOTE
r-release-linux-x86_64 1.0 37.26 321.58 358.84 NOTE
r-release-macos-arm64 1.0 97.00 OK
r-release-macos-x86_64 1.0 133.00 OK
r-release-windows-x86_64 1.0 51.00 380.00 431.00 OK
r-oldrel-macos-arm64 1.0 66.00 OK
r-oldrel-macos-x86_64 1.0 106.00 OK
r-oldrel-windows-ix86+x86_64 1.0 96.00 368.00 464.00 OK

Check Details

Version: 1.0
Check: for non-standard things in the check directory
Result: NOTE
    Found the following files/directories:
     'pointshape.dbf' 'pointshape.shp' 'pointshape.shx'
Flavors: r-devel-linux-x86_64-debian-clang, r-devel-linux-x86_64-debian-gcc, r-devel-linux-x86_64-fedora-clang, r-devel-linux-x86_64-fedora-gcc, r-patched-linux-x86_64, r-release-linux-x86_64