CRAN Package Check Results for Package bioacoustics

Last updated on 2022-09-26 12:53:18 CEST.

Flavor Version Tinstall Tcheck Ttotal Status Flags
r-devel-linux-x86_64-debian-clang 0.2.8 116.34 60.22 176.56 OK
r-devel-linux-x86_64-debian-gcc 0.2.8 91.99 45.18 137.17 OK
r-devel-linux-x86_64-fedora-clang 0.2.8 280.11 OK
r-devel-linux-x86_64-fedora-gcc 0.2.8 234.00 OK
r-devel-windows-x86_64 0.2.8 119.00 115.00 234.00 OK
r-patched-linux-x86_64 0.2.8 92.65 57.04 149.69 OK
r-release-linux-x86_64 0.2.8 97.10 58.27 155.37 OK
r-release-macos-arm64 0.2.8 67.00 NOTE
r-release-macos-x86_64 0.2.8 84.00 NOTE
r-release-windows-x86_64 0.2.8 108.00 114.00 222.00 OK
r-oldrel-macos-arm64 0.2.8 58.00 NOTE
r-oldrel-macos-x86_64 0.2.8 83.00 NOTE
r-oldrel-windows-ix86+x86_64 0.2.8 265.00 121.00 386.00 NOTE

Check Details

Version: 0.2.8
Check: installed package size
Result: NOTE
     installed size is 6.0Mb
     sub-directories of 1Mb or more:
     libs 4.5Mb
Flavors: r-release-macos-arm64, r-release-macos-x86_64, r-oldrel-macos-arm64, r-oldrel-macos-x86_64, r-oldrel-windows-ix86+x86_64