CRAN Package Check Results for Package bio3d

Last updated on 2024-06-24 21:56:43 CEST.

Flavor Version Tinstall Tcheck Ttotal Status Flags
r-devel-linux-x86_64-debian-clang 2.4-4 83.44 232.79 316.23 NOTE
r-devel-linux-x86_64-debian-gcc 2.4-4 58.90 166.36 225.26 NOTE
r-devel-linux-x86_64-fedora-clang 2.4-4 412.61 NOTE
r-devel-linux-x86_64-fedora-gcc 2.4-4 408.79 NOTE
r-devel-windows-x86_64 2.4-4 69.00 230.00 299.00 NOTE
r-patched-linux-x86_64 2.4-4 85.10 222.09 307.19 NOTE
r-release-linux-x86_64 2.4-4 74.05 227.70 301.75 NOTE
r-release-macos-arm64 2.4-4 90.00 NOTE
r-release-macos-x86_64 2.4-4 200.00 NOTE
r-release-windows-x86_64 2.4-4 68.00 232.00 300.00 NOTE
r-oldrel-macos-arm64 2.4-4 98.00 NOTE
r-oldrel-macos-x86_64 2.4-4 186.00 NOTE
r-oldrel-windows-x86_64 2.4-4 76.00 286.00 362.00 NOTE

Additional issues

noSuggests

Check Details

Version: 2.4-4
Check: package dependencies
Result: NOTE Package suggested but not available for checking: ‘msa’ Flavors: r-devel-linux-x86_64-debian-clang, r-oldrel-macos-arm64, r-oldrel-macos-x86_64

Version: 2.4-4
Check: C++ specification
Result: NOTE Specified C++11: please drop specification unless essential Flavors: r-devel-linux-x86_64-debian-clang, r-devel-linux-x86_64-debian-gcc, r-devel-linux-x86_64-fedora-clang, r-devel-linux-x86_64-fedora-gcc, r-devel-windows-x86_64, r-patched-linux-x86_64, r-release-linux-x86_64, r-release-macos-arm64, r-release-macos-x86_64, r-release-windows-x86_64, r-oldrel-macos-arm64, r-oldrel-macos-x86_64, r-oldrel-windows-x86_64

Version: 2.4-4
Check: Rd files
Result: NOTE checkRd: (-1) aa.index.Rd:14: Lost braces in \enumerate; meant \describe ? checkRd: (-1) aa.index.Rd:15: Lost braces in \enumerate; meant \describe ? checkRd: (-1) aa.index.Rd:16: Lost braces in \enumerate; meant \describe ? checkRd: (-1) aa.index.Rd:17: Lost braces in \enumerate; meant \describe ? checkRd: (-1) aa.index.Rd:18: Lost braces in \enumerate; meant \describe ? checkRd: (-1) aa.index.Rd:19: Lost braces in \enumerate; meant \describe ? checkRd: (-1) aa.index.Rd:20-23: Lost braces in \enumerate; meant \describe ? checkRd: (-1) aa.index.Rd:24: Lost braces in \enumerate; meant \describe ? checkRd: (-1) example.data.Rd:33-37: Lost braces in \enumerate; meant \describe ? checkRd: (-1) example.data.Rd:38-39: Lost braces in \enumerate; meant \describe ? checkRd: (-1) example.data.Rd:40-41: Lost braces in \enumerate; meant \describe ? Flavors: r-devel-linux-x86_64-debian-clang, r-devel-linux-x86_64-debian-gcc, r-devel-linux-x86_64-fedora-clang, r-devel-linux-x86_64-fedora-gcc, r-devel-windows-x86_64, r-patched-linux-x86_64, r-release-linux-x86_64, r-release-macos-arm64, r-release-macos-x86_64, r-release-windows-x86_64

Version: 2.4-4
Check: installed package size
Result: NOTE installed size is 6.3Mb sub-directories of 1Mb or more: R 1.1Mb libs 2.6Mb Flavors: r-release-macos-arm64, r-release-macos-x86_64, r-oldrel-macos-arm64, r-oldrel-macos-x86_64