CRAN Package Check Results for Package binomialMix

Last updated on 2020-10-30 01:48:26 CET.

Flavor Version Tinstall Tcheck Ttotal Status Flags
r-devel-linux-x86_64-debian-clang 1.0.1 4.59 180.26 184.85 OK
r-devel-linux-x86_64-debian-gcc 1.0.1 3.34 143.39 146.73 OK
r-devel-linux-x86_64-fedora-clang 1.0.1 218.24 NOTE
r-devel-linux-x86_64-fedora-gcc 1.0.1 211.60 NOTE
r-devel-windows-ix86+x86_64 1.0.1 10.00 233.00 243.00 OK
r-patched-linux-x86_64 1.0.1 4.36 169.26 173.62 OK
r-patched-solaris-x86 1.0.1 378.30 NOTE
r-release-linux-x86_64 1.0.1 3.88 173.16 177.04 OK
r-release-macos-x86_64 1.0.1 NOTE
r-release-windows-ix86+x86_64 1.0.1 13.00 239.00 252.00 OK
r-oldrel-macos-x86_64 1.0.1 NOTE
r-oldrel-windows-ix86+x86_64 1.0.1 8.00 224.00 232.00 OK

Check Details

Version: 1.0.1
Check: dependencies in R code
Result: NOTE
    Namespace in Imports field not imported from: ‘lubridate’
     All declared Imports should be used.
Flavors: r-devel-linux-x86_64-fedora-clang, r-devel-linux-x86_64-fedora-gcc, r-patched-solaris-x86, r-release-macos-x86_64, r-oldrel-macos-x86_64