CRAN Package Check Results for Package binnednp

Last updated on 2020-05-30 13:51:20 CEST.

Flavor Version Tinstall Tcheck Ttotal Status Flags
r-devel-linux-x86_64-debian-clang 0.4.0 48.62 39.40 88.02 OK
r-devel-linux-x86_64-debian-gcc 0.4.0 31.94 31.26 63.20 OK
r-devel-linux-x86_64-fedora-clang 0.4.0 117.07 NOTE
r-devel-linux-x86_64-fedora-gcc 0.4.0 102.56 NOTE
r-devel-windows-ix86+x86_64 0.4.0 104.00 84.00 188.00 OK
r-patched-linux-x86_64 0.4.0 31.39 40.10 71.49 OK
r-patched-solaris-x86 0.4.0 118.40 NOTE
r-release-linux-x86_64 0.4.0 37.96 40.84 78.80 OK
r-release-osx-x86_64 0.4.0 NOTE
r-release-windows-ix86+x86_64 0.4.0 80.00 100.00 180.00 OK
r-oldrel-osx-x86_64 0.4.0 NOTE
r-oldrel-windows-ix86+x86_64 0.4.0 83.00 74.00 157.00 OK

Check Details

Version: 0.4.0
Check: dependencies in R code
Result: NOTE
    Namespace in Imports field not imported from: ‘Rdpack’
     All declared Imports should be used.
Flavors: r-devel-linux-x86_64-fedora-clang, r-devel-linux-x86_64-fedora-gcc, r-patched-solaris-x86, r-release-osx-x86_64, r-oldrel-osx-x86_64