CRAN Package Check Results for Package binaryGP

Last updated on 2022-09-29 00:52:44 CEST.

Flavor Version Tinstall Tcheck Ttotal Status Flags
r-devel-linux-x86_64-debian-clang 0.2 44.68 39.39 84.07 NOTE
r-devel-linux-x86_64-debian-gcc 0.2 37.66 30.06 67.72 NOTE
r-devel-linux-x86_64-fedora-clang 0.2 135.66 NOTE
r-devel-linux-x86_64-fedora-gcc 0.2 124.59 NOTE
r-devel-windows-x86_64 0.2 47.00 85.00 132.00 NOTE
r-patched-linux-x86_64 0.2 35.82 37.51 73.33 NOTE
r-release-linux-x86_64 0.2 30.45 38.03 68.48 NOTE
r-release-macos-arm64 0.2 34.00 NOTE
r-release-macos-x86_64 0.2 52.00 NOTE
r-release-windows-x86_64 0.2 45.00 87.00 132.00 NOTE
r-oldrel-macos-arm64 0.2 37.00 NOTE
r-oldrel-macos-x86_64 0.2 61.00 NOTE
r-oldrel-windows-ix86+x86_64 0.2 123.00 92.00 215.00 NOTE

Check Details

Version: 0.2
Check: LazyData
Result: NOTE
     'LazyData' is specified without a 'data' directory
Flavors: r-devel-linux-x86_64-debian-clang, r-devel-linux-x86_64-debian-gcc, r-devel-linux-x86_64-fedora-clang, r-devel-linux-x86_64-fedora-gcc, r-devel-windows-x86_64, r-patched-linux-x86_64, r-release-linux-x86_64, r-release-macos-arm64, r-release-macos-x86_64, r-release-windows-x86_64, r-oldrel-macos-arm64, r-oldrel-macos-x86_64, r-oldrel-windows-ix86+x86_64