CRAN Package Check Results for Package binGroup2

Last updated on 2022-08-14 18:49:09 CEST.

Flavor Version Tinstall Tcheck Ttotal Status Flags
r-devel-linux-x86_64-debian-clang 1.2.4 92.96 184.34 277.30 OK
r-devel-linux-x86_64-debian-gcc 1.2.4 70.96 130.23 201.19 OK
r-devel-linux-x86_64-fedora-clang 1.2.4 354.94 OK
r-devel-linux-x86_64-fedora-gcc 1.2.4 331.32 OK
r-devel-windows-x86_64 1.2.4 313.00 205.00 518.00 OK
r-patched-linux-x86_64 1.2.4 71.53 169.54 241.07 OK
r-release-linux-x86_64 1.2.4 77.43 168.93 246.36 OK
r-release-macos-arm64 1.2.4 99.00 NOTE
r-release-macos-x86_64 1.2.4 99.00 NOTE
r-release-windows-x86_64 1.2.4 411.00 207.00 618.00 OK
r-oldrel-macos-arm64 1.2.4 91.00 NOTE
r-oldrel-macos-x86_64 1.2.4 104.00 NOTE
r-oldrel-windows-ix86+x86_64 1.2.4 183.00 248.00 431.00 OK

Check Details

Version: 1.2.4
Check: installed package size
Result: NOTE
     installed size is 5.9Mb
     sub-directories of 1Mb or more:
     libs 4.9Mb
Flavors: r-release-macos-arm64, r-release-macos-x86_64, r-oldrel-macos-arm64, r-oldrel-macos-x86_64