CRAN Package Check Results for Package bigtabulate

Last updated on 2020-05-25 01:48:47 CEST.

Flavor Version Tinstall Tcheck Ttotal Status Flags
r-devel-linux-x86_64-debian-clang 1.1.5 25.28 32.56 57.84 OK
r-devel-linux-x86_64-debian-gcc 1.1.5 21.26 26.28 47.54 OK
r-devel-linux-x86_64-fedora-clang 1.1.5 72.46 NOTE
r-devel-linux-x86_64-fedora-gcc 1.1.5 73.77 NOTE
r-devel-windows-ix86+x86_64 1.1.5 62.00 92.00 154.00 WARN
r-patched-linux-x86_64 1.1.5 23.23 32.86 56.09 OK
r-patched-solaris-x86 1.1.5 83.60 OK
r-release-linux-x86_64 1.1.5 20.48 32.62 53.10 OK
r-release-osx-x86_64 1.1.5 OK
r-release-windows-ix86+x86_64 1.1.5 45.00 95.00 140.00 WARN
r-oldrel-osx-x86_64 1.1.5 OK
r-oldrel-windows-ix86+x86_64 1.1.5 47.00 90.00 137.00 OK

Additional issues

rchk

Check Details

Version: 1.1.5
Check: top-level files
Result: NOTE
     possible bashism in configure line 13 (echo -n):
     echo -n " checking for Sun Studio compiler..."
     possible bashism in configure line 23 (echo -n):
     echo -n " checking for OS..."
Flavors: r-devel-linux-x86_64-fedora-clang, r-devel-linux-x86_64-fedora-gcc

Version: 1.1.5
Check: compiled code
Result: NOTE
    File ‘bigtabulate/libs/bigtabulate.so’:
     Found no calls to: ‘R_registerRoutines’, ‘R_useDynamicSymbols’
    
    It is good practice to register native routines and to disable symbol
    search.
    
    See ‘Writing portable packages’ in the ‘Writing R Extensions’ manual.
Flavors: r-devel-linux-x86_64-fedora-clang, r-devel-linux-x86_64-fedora-gcc

Version: 1.1.5
Check: whether package can be installed
Result: WARN
    Found the following significant warnings:
     d:/RCompile/CRANpkg/lib/4.1/BH/include/boost/interprocess/detail/win32_api.hpp:151:9: warning: ISO C++ prohibits anonymous structs [-Wpedantic]
     d:/RCompile/CRANpkg/lib/4.1/BH/include/boost/interprocess/detail/win32_api.hpp:159:9: warning: ISO C++ prohibits anonymous structs [-Wpedantic]
     d:/RCompile/CRANpkg/lib/4.1/BH/include/boost/interprocess/detail/win32_api.hpp:184:13: warning: ISO C++ prohibits anonymous structs [-Wpedantic]
     d:/RCompile/CRANpkg/lib/4.1/BH/include/boost/interprocess/detail/win32_api.hpp:186:7: warning: ISO C++ prohibits anonymous structs [-Wpedantic]
Flavor: r-devel-windows-ix86+x86_64

Version: 1.1.5
Check: whether package can be installed
Result: WARN
    Found the following significant warnings:
     d:/RCompile/CRANpkg/lib/4.0/BH/include/boost/interprocess/detail/win32_api.hpp:151:9: warning: ISO C++ prohibits anonymous structs [-Wpedantic]
     d:/RCompile/CRANpkg/lib/4.0/BH/include/boost/interprocess/detail/win32_api.hpp:159:9: warning: ISO C++ prohibits anonymous structs [-Wpedantic]
     d:/RCompile/CRANpkg/lib/4.0/BH/include/boost/interprocess/detail/win32_api.hpp:184:13: warning: ISO C++ prohibits anonymous structs [-Wpedantic]
     d:/RCompile/CRANpkg/lib/4.0/BH/include/boost/interprocess/detail/win32_api.hpp:186:7: warning: ISO C++ prohibits anonymous structs [-Wpedantic]
Flavor: r-release-windows-ix86+x86_64