CRAN Package Check Results for Package bigstatsr

Last updated on 2022-10-07 06:53:04 CEST.

Flavor Version Tinstall Tcheck Ttotal Status Flags
r-devel-linux-x86_64-debian-clang 1.5.6 227.28 259.32 486.60 OK
r-devel-linux-x86_64-debian-gcc 1.5.6 178.17 209.58 387.75 OK
r-devel-linux-x86_64-fedora-clang 1.5.6 685.78 OK
r-devel-linux-x86_64-fedora-gcc 1.5.6 613.76 OK
r-devel-windows-x86_64 1.5.6 269.00 333.00 602.00 OK
r-patched-linux-x86_64 1.5.6 196.29 238.12 434.41 OK
r-release-linux-x86_64 1.5.6 198.49 233.33 431.82 OK
r-release-macos-arm64 1.5.6 149.00 NOTE
r-release-macos-x86_64 1.5.6 288.00 NOTE
r-release-windows-x86_64 1.5.6 257.00 308.00 565.00 OK
r-oldrel-macos-arm64 1.5.6 128.00 NOTE
r-oldrel-macos-x86_64 1.5.6 196.00 NOTE
r-oldrel-windows-ix86+x86_64 1.5.6 633.00 516.00 1149.00 NOTE

Check Details

Version: 1.5.6
Check: installed package size
Result: NOTE
     installed size is 12.4Mb
     sub-directories of 1Mb or more:
     extdata 2.3Mb
     libs 9.4Mb
Flavors: r-release-macos-arm64, r-release-macos-x86_64, r-oldrel-macos-arm64, r-oldrel-macos-x86_64, r-oldrel-windows-ix86+x86_64