CRAN Package Check Results for Package biglasso

Last updated on 2022-08-15 21:54:32 CEST.

Flavor Version Tinstall Tcheck Ttotal Status Flags
r-devel-linux-x86_64-debian-clang 1.5.1 106.22 118.65 224.87 OK
r-devel-linux-x86_64-debian-gcc 1.5.1 88.19 91.44 179.63 OK
r-devel-linux-x86_64-fedora-clang 1.5.1 318.45 OK
r-devel-linux-x86_64-fedora-gcc 1.5.1 302.52 OK
r-devel-windows-x86_64 1.5.1 98.00 196.00 294.00 OK
r-patched-linux-x86_64 1.5.1 104.82 113.85 218.67 OK
r-release-linux-x86_64 1.5.1 99.77 111.68 211.45 OK
r-release-macos-arm64 1.5.1 81.00 NOTE
r-release-macos-x86_64 1.5.1 116.00 NOTE
r-release-windows-x86_64 1.5.1 101.00 203.00 304.00 OK
r-oldrel-macos-arm64 1.5.1 81.00 NOTE
r-oldrel-macos-x86_64 1.5.1 112.00 NOTE
r-oldrel-windows-ix86+x86_64 1.5.1 280.00 227.00 507.00 OK

Check Details

Version: 1.5.1
Check: installed package size
Result: NOTE
     installed size is 5.3Mb
     sub-directories of 1Mb or more:
     libs 4.4Mb
Flavors: r-release-macos-arm64, r-release-macos-x86_64, r-oldrel-macos-arm64, r-oldrel-macos-x86_64