Last updated on 2023-02-09 06:55:24 CET.
Flavor | Version | Tinstall | Tcheck | Ttotal | Status | Flags |
---|---|---|---|---|---|---|
r-devel-linux-x86_64-debian-clang | 0.5.0 | 28.21 | 176.84 | 205.05 | NOTE | |
r-devel-linux-x86_64-debian-gcc | 0.5.0 | 21.54 | 129.37 | 150.91 | NOTE | |
r-devel-linux-x86_64-fedora-clang | 0.5.0 | 247.29 | NOTE | |||
r-devel-linux-x86_64-fedora-gcc | 0.5.0 | 246.03 | NOTE | |||
r-devel-windows-x86_64 | 0.5.0 | 42.00 | 202.00 | 244.00 | NOTE | |
r-patched-linux-x86_64 | 0.5.0 | 25.19 | 167.05 | 192.24 | NOTE | |
r-release-linux-x86_64 | 0.5.0 | 22.03 | 162.18 | 184.21 | NOTE | |
r-release-macos-arm64 | 0.5.0 | 78.00 | NOTE | |||
r-release-macos-x86_64 | 0.5.0 | 95.00 | NOTE | |||
r-release-windows-x86_64 | 0.5.0 | 40.00 | 205.00 | 245.00 | NOTE | |
r-oldrel-macos-arm64 | 0.5.0 | 75.00 | NOTE | |||
r-oldrel-macos-x86_64 | 0.5.0 | 97.00 | NOTE | |||
r-oldrel-windows-ix86+x86_64 | 0.5.0 | 50.00 | 190.00 | 240.00 | OK |
Version: 0.5.0
Check: package dependencies
Result: NOTE
Package suggested but not available for checking: ‘INLA’
Flavors: r-devel-linux-x86_64-debian-clang, r-devel-linux-x86_64-debian-gcc, r-devel-windows-x86_64, r-patched-linux-x86_64, r-release-linux-x86_64, r-release-macos-arm64, r-release-macos-x86_64, r-release-windows-x86_64, r-oldrel-macos-arm64, r-oldrel-macos-x86_64
Version: 0.5.0
Check: data for non-ASCII characters
Result: NOTE
Note: found 940 marked Latin-1 strings
Flavors: r-devel-linux-x86_64-fedora-clang, r-devel-linux-x86_64-fedora-gcc, r-release-macos-arm64, r-release-macos-x86_64, r-oldrel-macos-arm64, r-oldrel-macos-x86_64
Version: 0.5.0
Check: installed package size
Result: NOTE
installed size is 5.4Mb
sub-directories of 1Mb or more:
data 5.1Mb
Flavors: r-release-macos-arm64, r-oldrel-macos-arm64