Last updated on 2023-02-02 21:49:56 CET.
Flavor | Version | Tinstall | Tcheck | Ttotal | Status | Flags |
---|---|---|---|---|---|---|
r-devel-linux-x86_64-debian-clang | 0.0.7 | 4.95 | 39.41 | 44.36 | OK | |
r-devel-linux-x86_64-debian-gcc | 0.0.7 | 3.69 | 30.60 | 34.29 | OK | |
r-devel-linux-x86_64-fedora-clang | 0.0.7 | 56.33 | NOTE | |||
r-devel-linux-x86_64-fedora-gcc | 0.0.7 | 54.32 | NOTE | |||
r-devel-windows-x86_64 | 0.0.7 | 27.00 | 73.00 | 100.00 | OK | |
r-patched-linux-x86_64 | 0.0.7 | 9.05 | 39.39 | 48.44 | OK | |
r-release-linux-x86_64 | 0.0.7 | 4.28 | 37.90 | 42.18 | OK | |
r-release-macos-arm64 | 0.0.7 | 22.00 | NOTE | |||
r-release-macos-x86_64 | 0.0.7 | 29.00 | NOTE | |||
r-release-windows-x86_64 | 0.0.7 | 15.00 | 73.00 | 88.00 | OK | |
r-oldrel-macos-arm64 | 0.0.6 | 16.00 | NOTE | |||
r-oldrel-macos-x86_64 | 0.0.6 | 29.00 | NOTE | |||
r-oldrel-windows-ix86+x86_64 | 0.0.6 | 9.00 | 58.00 | 67.00 | OK |
Version: 0.0.7
Check: data for non-ASCII characters
Result: NOTE
Note: found 1904 marked UTF-8 strings
Flavors: r-devel-linux-x86_64-fedora-clang, r-devel-linux-x86_64-fedora-gcc, r-release-macos-arm64, r-release-macos-x86_64
Version: 0.0.6
Check: data for non-ASCII characters
Result: NOTE
Note: found 1904 marked UTF-8 strings
Flavors: r-oldrel-macos-arm64, r-oldrel-macos-x86_64