CRAN Package Check Results for Package biClassify

Last updated on 2022-08-15 12:53:54 CEST.

Flavor Version Tinstall Tcheck Ttotal Status Flags
r-devel-linux-x86_64-debian-clang 1.3 36.71 81.92 118.63 OK
r-devel-linux-x86_64-debian-gcc 1.3 30.16 61.61 91.77 OK
r-devel-linux-x86_64-fedora-clang 1.3 164.42 NOTE
r-devel-linux-x86_64-fedora-gcc 1.3 168.64 NOTE
r-devel-windows-x86_64 1.3 47.00 142.00 189.00 OK
r-patched-linux-x86_64 1.3 37.03 81.22 118.25 OK
r-release-linux-x86_64 1.3 31.08 80.16 111.24 OK
r-release-macos-arm64 1.3 48.00 NOTE
r-release-macos-x86_64 1.3 82.00 NOTE
r-release-windows-x86_64 1.3 50.00 158.00 208.00 OK
r-oldrel-macos-arm64 1.3 45.00 NOTE
r-oldrel-macos-x86_64 1.3 119.00 NOTE
r-oldrel-windows-ix86+x86_64 1.3 110.00 9.00 119.00 ERROR

Check Details

Version: 1.3
Check: dependencies in R code
Result: NOTE
    Namespaces in Imports field not imported from:
     ‘DAAG’ ‘datasets’ ‘expm’ ‘mvtnorm’
     All declared Imports should be used.
Flavors: r-devel-linux-x86_64-fedora-clang, r-devel-linux-x86_64-fedora-gcc, r-release-macos-arm64, r-release-macos-x86_64, r-oldrel-macos-arm64, r-oldrel-macos-x86_64

Version: 1.3
Check: whether package can be installed
Result: ERROR
    Installation failed.
Flavor: r-oldrel-windows-ix86+x86_64