CRAN Package Check Results for Package betategarch

Last updated on 2024-06-19 00:49:24 CEST.

Flavor Version Tinstall Tcheck Ttotal Status Flags
r-devel-linux-x86_64-debian-clang 3.3 4.51 32.42 36.93 OK
r-devel-linux-x86_64-debian-gcc 3.3 3.48 25.43 28.91 OK
r-devel-linux-x86_64-fedora-clang 3.3 46.99 NOTE
r-devel-linux-x86_64-fedora-gcc 3.3 45.44 NOTE
r-devel-windows-x86_64 3.3 7.00 51.00 58.00 OK
r-patched-linux-x86_64 3.3 4.24 31.79 36.03 OK
r-release-linux-x86_64 3.3 4.67 31.36 36.03 OK
r-release-macos-arm64 3.3 19.00 OK
r-release-macos-x86_64 3.3 27.00 OK
r-release-windows-x86_64 3.3 7.00 52.00 59.00 OK
r-oldrel-macos-arm64 3.3 20.00 OK
r-oldrel-macos-x86_64 3.3 28.00 OK
r-oldrel-windows-x86_64 3.3 7.00 55.00 62.00 OK

Check Details

Version: 3.3
Check: compiled code
Result: NOTE File ‘betategarch/libs/betategarch.so’: Found no calls to: ‘R_registerRoutines’, ‘R_useDynamicSymbols’ It is good practice to register native routines and to disable symbol search. See ‘Writing portable packages’ in the ‘Writing R Extensions’ manual. Flavors: r-devel-linux-x86_64-fedora-clang, r-devel-linux-x86_64-fedora-gcc