CRAN Package Check Results for Package betategarch

Last updated on 2020-10-29 13:48:39 CET.

Flavor Version Tinstall Tcheck Ttotal Status Flags
r-devel-linux-x86_64-debian-clang 3.3 4.26 28.98 33.24 OK
r-devel-linux-x86_64-debian-gcc 3.3 2.92 22.97 25.89 OK
r-devel-linux-x86_64-fedora-clang 3.3 49.42 NOTE
r-devel-linux-x86_64-fedora-gcc 3.3 40.66 NOTE
r-devel-windows-ix86+x86_64 3.3 11.00 55.00 66.00 OK
r-patched-linux-x86_64 3.3 3.77 27.64 31.41 OK
r-patched-solaris-x86 3.3 58.30 OK
r-release-linux-x86_64 3.3 4.62 27.54 32.16 OK
r-release-macos-x86_64 3.3 OK
r-release-windows-ix86+x86_64 3.3 8.00 56.00 64.00 OK
r-oldrel-macos-x86_64 3.3 OK
r-oldrel-windows-ix86+x86_64 3.3 36.00 54.00 90.00 OK

Check Details

Version: 3.3
Check: compiled code
Result: NOTE
    File ‘betategarch/libs/betategarch.so’:
     Found no calls to: ‘R_registerRoutines’, ‘R_useDynamicSymbols’
    
    It is good practice to register native routines and to disable symbol
    search.
    
    See ‘Writing portable packages’ in the ‘Writing R Extensions’ manual.
Flavors: r-devel-linux-x86_64-fedora-clang, r-devel-linux-x86_64-fedora-gcc