Last updated on 2023-12-11 18:53:22 CET.
Flavor | Version | Tinstall | Tcheck | Ttotal | Status | Flags |
---|---|---|---|---|---|---|
r-devel-linux-x86_64-debian-clang | 1.0.7 | 362.89 | 96.99 | 459.88 | NOTE | |
r-devel-linux-x86_64-debian-gcc | 1.0.7 | 320.68 | 105.58 | 426.26 | NOTE | |
r-devel-linux-x86_64-fedora-clang | 1.0.7 | 593.83 | NOTE | |||
r-devel-linux-x86_64-fedora-gcc | 1.0.7 | 795.06 | NOTE | |||
r-devel-windows-x86_64 | 1.0.7 | 308.00 | 135.00 | 443.00 | NOTE | |
r-patched-linux-x86_64 | 1.0.7 | 358.63 | 135.34 | 493.97 | NOTE | |
r-release-linux-x86_64 | 1.0.7 | 323.96 | 135.29 | 459.25 | NOTE | |
r-release-macos-arm64 | 1.0.7 | 175.00 | NOTE | |||
r-release-macos-x86_64 | 1.0.7 | 291.00 | NOTE | |||
r-release-windows-x86_64 | 1.0.7 | 364.00 | 168.00 | 532.00 | NOTE | |
r-oldrel-macos-arm64 | 1.0.7 | 154.00 | NOTE | |||
r-oldrel-macos-x86_64 | 1.0.7 | 197.00 | NOTE | |||
r-oldrel-windows-x86_64 | 1.0.7 | 378.00 | 153.00 | 531.00 | OK |
Version: 1.0.7
Check: C++ specification
Result: NOTE
Specified C++11: please drop specification unless essential
Flavors: r-devel-linux-x86_64-debian-clang, r-devel-linux-x86_64-debian-gcc, r-devel-linux-x86_64-fedora-clang, r-devel-linux-x86_64-fedora-gcc, r-devel-windows-x86_64, r-patched-linux-x86_64, r-release-linux-x86_64, r-release-macos-arm64, r-release-macos-x86_64, r-release-windows-x86_64
Version: 1.0.7
Check: Rd files
Result: NOTE
checkRd: (-1) gen.data.Rd:42: Lost braces
42 | code{cortype = 2} denotes the constant structure, where the \eqn{(i,j)} entry of covariance
| ^
Flavors: r-devel-linux-x86_64-debian-clang, r-devel-linux-x86_64-debian-gcc
Version: 1.0.7
Check: installed package size
Result: NOTE
installed size is 60.6Mb
sub-directories of 1Mb or more:
data 2.7Mb
libs 57.4Mb
Flavors: r-release-macos-arm64, r-release-macos-x86_64, r-oldrel-macos-arm64, r-oldrel-macos-x86_64