CRAN Package Check Results for Package bender

Last updated on 2022-10-03 18:52:02 CEST.

Flavor Version Tinstall Tcheck Ttotal Status Flags
r-devel-linux-x86_64-debian-clang 0.1.1 2.70 24.02 26.72 NOTE
r-devel-linux-x86_64-debian-gcc 0.1.1 1.89 18.55 20.44 NOTE
r-devel-linux-x86_64-fedora-clang 0.1.1 44.62 NOTE
r-devel-linux-x86_64-fedora-gcc 0.1.1 43.93 NOTE
r-devel-windows-x86_64 0.1.1 10.00 49.00 59.00 NOTE
r-patched-linux-x86_64 0.1.1 2.46 22.44 24.90 NOTE
r-release-linux-x86_64 0.1.1 2.95 22.60 25.55 NOTE
r-release-macos-arm64 0.1.1 13.00 NOTE
r-release-macos-x86_64 0.1.1 20.00 NOTE
r-release-windows-x86_64 0.1.1 11.00 47.00 58.00 NOTE
r-oldrel-macos-arm64 0.1.1 19.00 NOTE
r-oldrel-macos-x86_64 0.1.1 26.00 NOTE
r-oldrel-windows-ix86+x86_64 0.1.1 6.00 45.00 51.00 NOTE

Check Details

Version: 0.1.1
Check: LazyData
Result: NOTE
     'LazyData' is specified without a 'data' directory
Flavors: r-devel-linux-x86_64-debian-clang, r-devel-linux-x86_64-debian-gcc, r-devel-linux-x86_64-fedora-clang, r-devel-linux-x86_64-fedora-gcc, r-devel-windows-x86_64, r-patched-linux-x86_64, r-release-linux-x86_64, r-release-macos-arm64, r-release-macos-x86_64, r-release-windows-x86_64, r-oldrel-macos-arm64, r-oldrel-macos-x86_64, r-oldrel-windows-ix86+x86_64