CRAN Package Check Results for Package bdclean

Last updated on 2022-08-16 12:52:55 CEST.

Flavor Version Tinstall Tcheck Ttotal Status Flags
r-devel-linux-x86_64-debian-clang 0.1.15 12.80 104.96 117.76 NOTE
r-devel-linux-x86_64-debian-gcc 0.1.15 11.19 79.65 90.84 NOTE
r-devel-linux-x86_64-fedora-clang 0.1.15 153.18 NOTE
r-devel-linux-x86_64-fedora-gcc 0.1.15 151.99 NOTE
r-devel-windows-x86_64 0.1.15 31.00 125.00 156.00 NOTE
r-patched-linux-x86_64 0.1.15 9.80 100.95 110.75 NOTE
r-release-linux-x86_64 0.1.15 8.92 99.97 108.89 NOTE
r-release-macos-arm64 0.1.15 41.00 NOTE
r-release-macos-x86_64 0.1.15 68.00 NOTE
r-release-windows-x86_64 0.1.15 27.00 125.00 152.00 NOTE
r-oldrel-macos-arm64 0.1.15 51.00 NOTE
r-oldrel-macos-x86_64 0.1.15 78.00 NOTE
r-oldrel-windows-ix86+x86_64 0.1.15 38.00 140.00 178.00 NOTE

Check Details

Version: 0.1.15
Check: LazyData
Result: NOTE
     'LazyData' is specified without a 'data' directory
Flavors: r-devel-linux-x86_64-debian-clang, r-devel-linux-x86_64-debian-gcc, r-devel-linux-x86_64-fedora-clang, r-devel-linux-x86_64-fedora-gcc, r-devel-windows-x86_64, r-patched-linux-x86_64, r-release-linux-x86_64, r-release-macos-arm64, r-release-macos-x86_64, r-release-windows-x86_64, r-oldrel-macos-arm64, r-oldrel-macos-x86_64, r-oldrel-windows-ix86+x86_64

Version: 0.1.15
Check: dependencies in R code
Result: NOTE
    Namespace in Imports field not imported from: ‘DT’
     All declared Imports should be used.
Flavors: r-devel-linux-x86_64-fedora-clang, r-devel-linux-x86_64-fedora-gcc, r-release-macos-arm64, r-release-macos-x86_64, r-oldrel-macos-arm64, r-oldrel-macos-x86_64