CRAN Package Check Results for Package bdchecks

Last updated on 2020-05-28 07:47:51 CEST.

Flavor Version Tinstall Tcheck Ttotal Status Flags
r-devel-linux-x86_64-debian-clang 0.1.7 14.60 108.59 123.19 OK
r-devel-linux-x86_64-debian-gcc 0.1.7 10.93 82.90 93.83 OK
r-devel-linux-x86_64-fedora-clang 0.1.7 138.73 NOTE
r-devel-linux-x86_64-fedora-gcc 0.1.7 125.62 NOTE
r-devel-windows-ix86+x86_64 0.1.7 52.00 181.00 233.00 OK
r-patched-linux-x86_64 0.1.7 14.70 105.23 119.93 OK
r-patched-solaris-x86 0.1.7 191.60 NOTE
r-release-linux-x86_64 0.1.7 14.28 106.12 120.40 OK
r-release-osx-x86_64 0.1.7 NOTE
r-release-windows-ix86+x86_64 0.1.7 52.00 154.00 206.00 OK
r-oldrel-osx-x86_64 0.1.7 NOTE
r-oldrel-windows-ix86+x86_64 0.1.7 28.00 116.00 144.00 OK

Check Details

Version: 0.1.7
Check: data for non-ASCII characters
Result: NOTE
     Note: found 72 marked UTF-8 strings
Flavors: r-devel-linux-x86_64-fedora-clang, r-devel-linux-x86_64-fedora-gcc, r-patched-solaris-x86, r-release-osx-x86_64, r-oldrel-osx-x86_64