Last updated on 2023-09-27 21:01:18 CEST.
Flavor | Version | Tinstall | Tcheck | Ttotal | Status | Flags |
---|---|---|---|---|---|---|
r-devel-linux-x86_64-debian-clang | 1.1.4 | 39.42 | 470.01 | 509.43 | OK | |
r-devel-linux-x86_64-debian-gcc | 1.1.4 | 32.59 | 342.26 | 374.85 | OK | |
r-devel-linux-x86_64-fedora-clang | 1.1.4 | 605.53 | NOTE | |||
r-devel-linux-x86_64-fedora-gcc | 1.1.4 | 646.20 | OK | |||
r-devel-windows-x86_64 | 1.1.4 | 35.00 | 289.00 | 324.00 | NOTE | |
r-patched-linux-x86_64 | 1.1.4 | 29.25 | 439.72 | 468.97 | OK | |
r-release-linux-x86_64 | 1.1.4 | 28.28 | 444.44 | 472.72 | OK | |
r-release-macos-arm64 | 1.1.4 | 164.00 | NOTE | |||
r-release-macos-x86_64 | 1.1.4 | 329.00 | NOTE | |||
r-release-windows-x86_64 | 1.1.4 | 49.00 | 398.00 | 447.00 | NOTE | |
r-oldrel-macos-arm64 | 1.1.4 | 100.00 | NOTE | |||
r-oldrel-macos-x86_64 | 1.1.4 | 171.00 | NOTE | |||
r-oldrel-windows-x86_64 | 1.1.4 | 50.00 | 382.00 | 432.00 | NOTE |
Version: 1.1.4
Check: installed package size
Result: NOTE
installed size is 5.3Mb
sub-directories of 1Mb or more:
doc 3.6Mb
extdata 1.2Mb
Flavors: r-devel-linux-x86_64-fedora-clang, r-devel-windows-x86_64, r-release-macos-arm64, r-release-macos-x86_64, r-release-windows-x86_64, r-oldrel-macos-arm64, r-oldrel-macos-x86_64, r-oldrel-windows-x86_64