CRAN Package Check Results for Package bcrm

Last updated on 2020-09-22 14:04:51 CEST.

Flavor Version Tinstall Tcheck Ttotal Status Flags
r-devel-linux-x86_64-debian-clang 0.5.4 8.02 50.67 58.69 OK
r-devel-linux-x86_64-debian-gcc 0.5.4 5.85 40.22 46.07 OK
r-devel-linux-x86_64-fedora-clang 0.5.4 80.60 NOTE
r-devel-linux-x86_64-fedora-gcc 0.5.4 70.94 NOTE
r-devel-windows-ix86+x86_64 0.5.4 19.00 58.00 77.00 OK
r-patched-linux-x86_64 0.5.4 6.30 49.15 55.45 OK
r-patched-solaris-x86 0.5.4 94.90 NOTE
r-release-linux-x86_64 0.5.4 7.21 49.10 56.31 OK
r-release-macos-x86_64 0.5.4 NOTE
r-release-windows-ix86+x86_64 0.5.4 16.00 51.00 67.00 OK
r-oldrel-macos-x86_64 0.5.4 NOTE
r-oldrel-windows-ix86+x86_64 0.5.4 9.00 67.00 76.00 OK

Check Details

Version: 0.5.4
Check: dependencies in R code
Result: NOTE
    Namespaces in Imports field not imported from:
     ‘knitr’ ‘rlang’
     All declared Imports should be used.
Flavors: r-devel-linux-x86_64-fedora-clang, r-devel-linux-x86_64-fedora-gcc, r-patched-solaris-x86, r-release-macos-x86_64, r-oldrel-macos-x86_64

Version: 0.5.4
Check: package dependencies
Result: NOTE
    Package suggested but not available for checking: ‘BRugs’
Flavors: r-patched-solaris-x86, r-release-macos-x86_64, r-oldrel-macos-x86_64