CRAN Package Check Results for Package bcp

Last updated on 2020-09-22 14:04:51 CEST.

Flavor Version Tinstall Tcheck Ttotal Status Flags
r-devel-linux-x86_64-debian-clang 4.0.3 109.12 39.43 148.55 OK
r-devel-linux-x86_64-debian-gcc 4.0.3 84.37 30.34 114.71 OK
r-devel-linux-x86_64-fedora-clang 4.0.3 214.60 NOTE
r-devel-linux-x86_64-fedora-gcc 4.0.3 197.00 OK
r-devel-windows-ix86+x86_64 4.0.3 240.00 83.00 323.00 OK
r-patched-linux-x86_64 4.0.3 84.19 39.46 123.65 OK
r-patched-solaris-x86 4.0.3 183.60 OK
r-release-linux-x86_64 4.0.3 84.00 39.07 123.07 OK
r-release-macos-x86_64 4.0.3 NOTE
r-release-windows-ix86+x86_64 4.0.3 246.00 76.00 322.00 OK
r-oldrel-macos-x86_64 4.0.3 NOTE
r-oldrel-windows-ix86+x86_64 4.0.3 165.00 91.00 256.00 OK

Check Details

Version: 4.0.3
Check: installed package size
Result: NOTE
     installed size is 6.7Mb
     sub-directories of 1Mb or more:
     libs 6.5Mb
Flavors: r-devel-linux-x86_64-fedora-clang, r-release-macos-x86_64

Version: 4.0.3
Check: package dependencies
Result: NOTE
    Package suggested but not available for checking: ‘DNAcopy’
Flavor: r-oldrel-macos-x86_64