CRAN Package Check Results for Package bcTSNE

Last updated on 2020-10-30 07:49:50 CET.

Flavor Version Tinstall Tcheck Ttotal Status Flags
r-devel-linux-x86_64-debian-clang 0.10.0 9.99 80.10 90.09 NOTE
r-devel-linux-x86_64-debian-gcc 0.10.0 6.54 62.20 68.74 NOTE
r-devel-linux-x86_64-fedora-clang 0.10.0 124.30 NOTE
r-devel-linux-x86_64-fedora-gcc 0.10.0 109.38 NOTE
r-devel-windows-ix86+x86_64 0.10.0 21.00 135.00 156.00 NOTE
r-patched-linux-x86_64 0.10.0 9.13 77.27 86.40 NOTE
r-patched-solaris-x86 0.10.0 138.40 NOTE
r-release-linux-x86_64 0.10.0 8.84 75.24 84.08 NOTE
r-release-macos-x86_64 0.10.0 NOTE
r-release-windows-ix86+x86_64 0.10.0 18.00 137.00 155.00 NOTE
r-oldrel-macos-x86_64 0.10.0 NOTE
r-oldrel-windows-ix86+x86_64 0.10.0 18.00 125.00 143.00 NOTE

Check Details

Version: 0.10.0
Check: package dependencies
Result: NOTE
    Packages suggested but not available for checking:
     'kBET', 'splatter', 'scater', 'lisi', 'harmony', 'dlfUtils'
Flavor: r-devel-linux-x86_64-debian-clang

Version: 0.10.0
Check: package dependencies
Result: NOTE
    Packages suggested but not available for checking:
     'kBET', 'lisi', 'harmony', 'dlfUtils'
Flavors: r-devel-linux-x86_64-debian-gcc, r-devel-windows-ix86+x86_64, r-patched-linux-x86_64, r-release-linux-x86_64, r-release-windows-ix86+x86_64, r-oldrel-windows-ix86+x86_64

Version: 0.10.0
Check: package dependencies
Result: NOTE
    Packages suggested but not available for checking:
     'kBET', 'splatter', 'lisi', 'harmony', 'dlfUtils'
Flavors: r-devel-linux-x86_64-fedora-clang, r-devel-linux-x86_64-fedora-gcc

Version: 0.10.0
Check: package dependencies
Result: NOTE
    Packages suggested but not available for checking:
     'batchelor', 'kBET', 'splatter', 'scater', 'lisi', 'harmony',
     'dlfUtils'
Flavors: r-patched-solaris-x86, r-release-macos-x86_64, r-oldrel-macos-x86_64