CRAN Package Check Results for Package bcRep

Last updated on 2020-05-27 07:50:52 CEST.

Flavor Version Tinstall Tcheck Ttotal Status Flags
r-devel-linux-x86_64-debian-clang 1.3.6 16.23 145.36 161.59 NOTE
r-devel-linux-x86_64-debian-gcc 1.3.6 14.24 111.33 125.57 NOTE
r-devel-linux-x86_64-fedora-clang 1.3.6 196.96 NOTE
r-devel-linux-x86_64-fedora-gcc 1.3.6 192.08 NOTE
r-devel-windows-ix86+x86_64 1.3.6 39.00 452.00 491.00 OK
r-patched-linux-x86_64 1.3.6 14.08 141.66 155.74 NOTE
r-patched-solaris-x86 1.3.6 686.50 NOTE
r-release-linux-x86_64 1.3.6 13.56 142.94 156.50 NOTE
r-release-osx-x86_64 1.3.6 OK
r-release-windows-ix86+x86_64 1.3.6 25.00 459.00 484.00 OK
r-oldrel-osx-x86_64 1.3.6 OK
r-oldrel-windows-ix86+x86_64 1.3.6 24.00 369.00 393.00 OK

Check Details

Version: 1.3.6
Check: for non-standard things in the check directory
Result: NOTE
    Found the following files/directories:
     'Example_Lorenz-curve.pdf'
Flavors: r-devel-linux-x86_64-debian-clang, r-devel-linux-x86_64-debian-gcc, r-devel-linux-x86_64-fedora-clang, r-devel-linux-x86_64-fedora-gcc, r-patched-linux-x86_64, r-patched-solaris-x86, r-release-linux-x86_64

Version: 1.3.6
Check: installed package size
Result: NOTE
     installed size is 5.2Mb
     sub-directories of 1Mb or more:
     data 1.8Mb
     doc 2.7Mb
Flavor: r-patched-solaris-x86