CRAN Package Check Results for Package bcROCsurface

Last updated on 2022-10-01 01:48:59 CEST.

Flavor Version Tinstall Tcheck Ttotal Status Flags
r-devel-linux-x86_64-debian-clang 1.0-5 51.26 101.07 152.33 OK
r-devel-linux-x86_64-debian-gcc 1.0-5 35.75 80.04 115.79 OK
r-devel-linux-x86_64-fedora-clang 1.0-5 201.33 OK
r-devel-linux-x86_64-fedora-gcc 1.0-5 188.81 OK
r-devel-windows-x86_64 1.0-5 50.00 152.00 202.00 OK
r-patched-linux-x86_64 1.0-5 40.45 99.77 140.22 OK
r-release-linux-x86_64 1.0-5 34.84 100.46 135.30 OK
r-release-macos-arm64 1.0-5 69.00 NOTE
r-release-macos-x86_64 1.0-5 82.00 NOTE
r-release-windows-x86_64 1.0-5 59.00 150.00 209.00 OK
r-oldrel-macos-arm64 1.0-5 48.00 NOTE
r-oldrel-macos-x86_64 1.0-5 50.00 NOTE
r-oldrel-windows-ix86+x86_64 1.0-5 107.00 165.00 272.00 OK

Check Details

Version: 1.0-5
Check: package dependencies
Result: NOTE
    Package suggested but not available for checking: ‘webshot2’
Flavors: r-release-macos-arm64, r-release-macos-x86_64, r-oldrel-macos-arm64, r-oldrel-macos-x86_64