CRAN Package Check Results for Package bayesvl

Last updated on 2020-05-27 07:50:51 CEST.

Flavor Version Tinstall Tcheck Ttotal Status Flags
r-devel-linux-x86_64-debian-clang 0.8.5 12.83 69.44 82.27 OK
r-devel-linux-x86_64-debian-gcc 0.8.5 11.70 52.88 64.58 OK
r-devel-linux-x86_64-fedora-clang 0.8.5 98.82 NOTE
r-devel-linux-x86_64-fedora-gcc 0.8.5 97.84 NOTE
r-devel-windows-ix86+x86_64 0.8.5 38.00 115.00 153.00 OK
r-patched-linux-x86_64 0.8.5 12.20 67.80 80.00 OK
r-patched-solaris-x86 0.8.5 151.80 NOTE
r-release-linux-x86_64 0.8.5 14.07 68.52 82.59 OK
r-release-osx-x86_64 0.8.5 NOTE
r-release-windows-ix86+x86_64 0.8.5 36.00 109.00 145.00 OK
r-oldrel-osx-x86_64 0.8.5 NOTE
r-oldrel-windows-ix86+x86_64 0.8.5 21.00 80.00 101.00 OK

Check Details

Version: 0.8.5
Check: dependencies in R code
Result: NOTE
    Namespace in Imports field not imported from: ‘dplyr’
     All declared Imports should be used.
Flavors: r-devel-linux-x86_64-fedora-clang, r-devel-linux-x86_64-fedora-gcc, r-patched-solaris-x86, r-release-osx-x86_64, r-oldrel-osx-x86_64