CRAN Package Check Results for Package bayestestR

Last updated on 2022-08-12 00:49:42 CEST.

Flavor Version Tinstall Tcheck Ttotal Status Flags
r-devel-linux-x86_64-debian-clang 0.12.1 12.31 173.43 185.74 NOTE
r-devel-linux-x86_64-debian-gcc 0.12.1 11.59 126.86 138.45 NOTE
r-devel-linux-x86_64-fedora-clang 0.12.1 241.86 NOTE
r-devel-linux-x86_64-fedora-gcc 0.12.1 243.60 NOTE
r-devel-windows-x86_64 0.12.1 253.00 210.00 463.00 NOTE
r-patched-linux-x86_64 0.12.1 16.83 160.04 176.87 NOTE
r-release-linux-x86_64 0.12.1 15.78 159.26 175.04 NOTE
r-release-macos-arm64 0.12.1 76.00 OK
r-release-macos-x86_64 0.12.1 107.00 OK
r-release-windows-x86_64 0.12.1 186.00 210.00 396.00 OK
r-oldrel-macos-arm64 0.12.1 74.00 OK
r-oldrel-macos-x86_64 0.12.1 85.00 OK
r-oldrel-windows-ix86+x86_64 0.12.1 23.00 333.00 356.00 OK

Check Details

Version: 0.12.1
Check: Rd files
Result: NOTE
    checkRd: (-1) describe_posterior.Rd:194: Escaped LaTeX specials: \&
    checkRd: (-1) diagnostic_posterior.Rd:103: Escaped LaTeX specials: \&
    checkRd: (-1) estimate_density.Rd:52: Escaped LaTeX specials: \&
    checkRd: (-1) point_estimate.Rd:113: Escaped LaTeX specials: \&
    checkRd: (-1) sexit.Rd:91: Escaped LaTeX specials: \&
Flavors: r-devel-linux-x86_64-debian-clang, r-devel-linux-x86_64-debian-gcc, r-devel-linux-x86_64-fedora-clang, r-devel-linux-x86_64-fedora-gcc, r-devel-windows-x86_64

Version: 0.12.1
Check: package dependencies
Result: NOTE
    Package suggested but not available for checking: ‘blavaan’
Flavors: r-patched-linux-x86_64, r-release-linux-x86_64