CRAN Package Check Results for Package bayesplot

Last updated on 2022-08-17 00:51:57 CEST.

Flavor Version Tinstall Tcheck Ttotal Status Flags
r-devel-linux-x86_64-debian-clang 1.9.0 16.56 586.25 602.81 OK
r-devel-linux-x86_64-debian-gcc 1.9.0 12.04 399.42 411.46 OK
r-devel-linux-x86_64-fedora-clang 1.9.0 744.63 NOTE
r-devel-linux-x86_64-fedora-gcc 1.9.0 762.72 OK
r-devel-windows-x86_64 1.9.0 144.00 513.00 657.00 NOTE
r-patched-linux-x86_64 1.9.0 21.29 527.83 549.12 OK
r-release-linux-x86_64 1.9.0 12.52 537.51 550.03 OK
r-release-macos-arm64 1.9.0 147.00 NOTE
r-release-macos-x86_64 1.9.0 248.00 NOTE
r-release-windows-x86_64 1.9.0 91.00 539.00 630.00 NOTE
r-oldrel-macos-arm64 1.9.0 141.00 NOTE
r-oldrel-macos-x86_64 1.9.0 193.00 NOTE
r-oldrel-windows-ix86+x86_64 1.9.0 30.00 623.00 653.00 WARN

Check Details

Version: 1.9.0
Check: installed package size
Result: NOTE
     installed size is 6.4Mb
     sub-directories of 1Mb or more:
     R 1.9Mb
     doc 3.9Mb
Flavors: r-devel-linux-x86_64-fedora-clang, r-devel-windows-x86_64, r-release-macos-arm64, r-release-macos-x86_64, r-release-windows-x86_64, r-oldrel-macos-arm64, r-oldrel-macos-x86_64, r-oldrel-windows-ix86+x86_64

Version: 1.9.0
Check: for unstated dependencies in ‘tests’
Result: WARN
    Warning: unable to access index for repository https://bioconductor.org/packages/3.14/bioc/src/contrib:
     cannot open URL 'https://bioconductor.org/packages/3.14/bioc/src/contrib/PACKAGES'
    Warning: unable to access index for repository https://bioconductor.org/packages/3.14/data/annotation/src/contrib:
     cannot open URL 'https://bioconductor.org/packages/3.14/data/annotation/src/contrib/PACKAGES'
    Warning: unable to access index for repository https://bioconductor.org/packages/3.14/data/experiment/src/contrib:
     cannot open URL 'https://bioconductor.org/packages/3.14/data/experiment/src/contrib/PACKAGES'
Flavor: r-oldrel-windows-ix86+x86_64