CRAN Package Check Results for Package bayeslm

Last updated on 2022-09-26 00:50:26 CEST.

Flavor Version Tinstall Tcheck Ttotal Status Flags
r-devel-linux-x86_64-debian-clang 1.0.1 209.57 60.08 269.65 NOTE
r-devel-linux-x86_64-debian-gcc 1.0.1 187.60 44.35 231.95 NOTE
r-devel-linux-x86_64-fedora-clang 1.0.1 402.42 NOTE
r-devel-linux-x86_64-fedora-gcc 1.0.1 396.01 NOTE
r-devel-windows-x86_64 1.0.1 220.00 142.00 362.00 NOTE
r-patched-linux-x86_64 1.0.1 193.35 56.53 249.88 NOTE
r-release-linux-x86_64 1.0.1 187.70 56.25 243.95 NOTE
r-release-macos-arm64 1.0.1 108.00 NOTE
r-release-macos-x86_64 1.0.1 140.00 NOTE
r-release-windows-x86_64 1.0.1 167.00 148.00 315.00 NOTE
r-oldrel-macos-arm64 1.0.1 102.00 NOTE
r-oldrel-macos-x86_64 1.0.1 143.00 NOTE
r-oldrel-windows-ix86+x86_64 1.0.1 550.00 144.00 694.00 NOTE

Check Details

Version: 1.0.1
Check: for GNU extensions in Makefiles
Result: NOTE
    GNU make is a SystemRequirements.
Flavors: r-devel-linux-x86_64-debian-clang, r-devel-linux-x86_64-debian-gcc, r-devel-linux-x86_64-fedora-clang, r-devel-linux-x86_64-fedora-gcc, r-devel-windows-x86_64, r-patched-linux-x86_64, r-release-linux-x86_64, r-release-macos-arm64, r-release-macos-x86_64, r-release-windows-x86_64, r-oldrel-macos-arm64, r-oldrel-macos-x86_64, r-oldrel-windows-ix86+x86_64

Version: 1.0.1
Check: installed package size
Result: NOTE
     installed size is 8.8Mb
     sub-directories of 1Mb or more:
     libs 8.6Mb
Flavors: r-release-macos-arm64, r-release-macos-x86_64, r-oldrel-macos-arm64, r-oldrel-macos-x86_64