CRAN Package Check Results for Package bayescopulareg

Last updated on 2024-06-16 12:57:02 CEST.

Flavor Version Tinstall Tcheck Ttotal Status Flags
r-devel-linux-x86_64-debian-clang 0.1.3 218.02 31.46 249.48 NOTE
r-devel-linux-x86_64-debian-gcc 0.1.3 144.69 24.29 168.98 NOTE
r-devel-linux-x86_64-fedora-clang 0.1.3 397.34 NOTE
r-devel-linux-x86_64-fedora-gcc 0.1.3 400.20 NOTE
r-devel-windows-x86_64 0.1.3 168.00 61.00 229.00 NOTE
r-patched-linux-x86_64 0.1.3 174.70 31.11 205.81 NOTE
r-release-linux-x86_64 0.1.3 185.70 29.86 215.56 NOTE
r-release-macos-arm64 0.1.3 62.00 NOTE
r-release-macos-x86_64 0.1.3 59.00 NOTE
r-release-windows-x86_64 0.1.3 165.00 71.00 236.00 NOTE
r-oldrel-macos-arm64 0.1.3 79.00 NOTE
r-oldrel-macos-x86_64 0.1.3 138.00 NOTE
r-oldrel-windows-x86_64 0.1.3 205.00 77.00 282.00 NOTE

Check Details

Version: 0.1.3
Check: C++ specification
Result: NOTE Specified C++11: please drop specification unless essential Flavors: r-devel-linux-x86_64-debian-clang, r-devel-linux-x86_64-debian-gcc, r-devel-linux-x86_64-fedora-clang, r-devel-linux-x86_64-fedora-gcc, r-devel-windows-x86_64, r-patched-linux-x86_64, r-release-linux-x86_64, r-release-macos-arm64, r-release-macos-x86_64, r-release-windows-x86_64, r-oldrel-macos-arm64, r-oldrel-macos-x86_64, r-oldrel-windows-x86_64

Version: 0.1.3
Check: installed package size
Result: NOTE installed size is 6.0Mb sub-directories of 1Mb or more: libs 5.9Mb Flavors: r-release-macos-arm64, r-release-macos-x86_64, r-oldrel-macos-arm64, r-oldrel-macos-x86_64