Last updated on 2022-06-25 07:03:07 CEST.
Flavor | Version | Tinstall | Tcheck | Ttotal | Status | Flags |
---|---|---|---|---|---|---|
r-devel-linux-x86_64-debian-clang | 5.0-3 | 12.41 | 92.75 | 105.16 | OK | |
r-devel-linux-x86_64-debian-gcc | 5.0-3 | 9.11 | 67.40 | 76.51 | OK | |
r-devel-linux-x86_64-fedora-clang | 5.0-3 | 130.98 | NOTE | |||
r-devel-linux-x86_64-fedora-gcc | 5.0-3 | 130.56 | OK | |||
r-devel-windows-x86_64 | 5.0-3 | 746.00 | 146.00 | 892.00 | OK | |
r-patched-linux-x86_64 | 5.0-3 | 12.04 | 84.95 | 96.99 | OK | |
r-release-linux-x86_64 | 5.0-3 | 10.13 | 86.12 | 96.25 | OK | |
r-release-macos-arm64 | 5.0-3 | 41.00 | OK | |||
r-release-macos-x86_64 | 5.0-3 | 64.00 | OK | |||
r-release-windows-x86_64 | 5.0-3 | 821.00 | 165.00 | 986.00 | OK | |
r-oldrel-macos-arm64 | 5.0-3 | 46.00 | OK | |||
r-oldrel-macos-x86_64 | 5.0-3 | 62.00 | OK | |||
r-oldrel-windows-ix86+x86_64 | 5.0-3 | 29.00 | 155.00 | 184.00 | OK |
Version: 5.0-3
Check: Rd cross-references
Result: NOTE
Undeclared packages ‘rworldmap’, ‘snowFT’ in Rd xrefs
Flavor: r-devel-linux-x86_64-fedora-clang