Last updated on 2022-08-09 21:52:40 CEST.
Flavor | Version | Tinstall | Tcheck | Ttotal | Status | Flags |
---|---|---|---|---|---|---|
r-devel-linux-x86_64-debian-clang | 0.9.15 | 16.15 | 160.19 | 176.34 | OK | |
r-devel-linux-x86_64-debian-gcc | 0.9.15 | 11.20 | 116.82 | 128.02 | OK | |
r-devel-linux-x86_64-fedora-clang | 0.9.15 | 209.56 | NOTE | |||
r-devel-linux-x86_64-fedora-gcc | 0.9.15 | 203.57 | OK | |||
r-devel-windows-x86_64 | 0.9.15 | 99.00 | 234.00 | 333.00 | OK | |
r-patched-linux-x86_64 | 0.9.15 | 19.51 | 143.42 | 162.93 | OK | |
r-release-linux-x86_64 | 0.9.15 | OK | ||||
r-release-macos-arm64 | 0.9.15 | 78.00 | NOTE | |||
r-release-macos-x86_64 | 0.9.15 | 104.00 | NOTE | |||
r-release-windows-x86_64 | 0.9.15 | 101.00 | 243.00 | 344.00 | OK | |
r-oldrel-macos-arm64 | 0.9.15 | 93.00 | NOTE | |||
r-oldrel-macos-x86_64 | 0.9.15 | 125.00 | NOTE | |||
r-oldrel-windows-ix86+x86_64 | 0.9.15 | 31.00 | 351.00 | 382.00 | OK |
Version: 0.9.15
Check: Rd cross-references
Result: NOTE
Undeclared package ‘Rmpi’ in Rd xrefs
Flavor: r-devel-linux-x86_64-fedora-clang
Version: 0.9.15
Check: package dependencies
Result: NOTE
Package suggested but not available for checking: ‘doMPI’
Flavors: r-release-macos-arm64, r-release-macos-x86_64, r-oldrel-macos-arm64, r-oldrel-macos-x86_64
Version: 0.9.15
Check: Rd cross-references
Result: NOTE
Package unavailable to check Rd xrefs: ‘Rmpi’
Flavors: r-release-macos-arm64, r-release-macos-x86_64, r-oldrel-macos-arm64, r-oldrel-macos-x86_64