CRAN Package Check Results for Package batata

Last updated on 2024-05-25 21:56:54 CEST.

Flavor Version Tinstall Tcheck Ttotal Status Flags
r-devel-linux-x86_64-debian-clang 0.2.1 2.21 31.01 33.22 NOTE
r-devel-linux-x86_64-debian-gcc 0.2.1 1.83 23.61 25.44 NOTE
r-devel-linux-x86_64-fedora-clang 0.2.1 46.00 NOTE
r-devel-linux-x86_64-fedora-gcc 0.2.1 56.90 NOTE
r-devel-windows-x86_64 0.2.1 3.00 48.00 51.00 NOTE
r-patched-linux-x86_64 0.2.1 2.76 29.45 32.21 NOTE
r-release-linux-x86_64 0.2.1 2.21 29.19 31.40 NOTE
r-release-macos-arm64 0.2.1 32.00 NOTE
r-release-windows-x86_64 0.2.1 3.00 48.00 51.00 NOTE
r-oldrel-macos-arm64 0.2.1 29.00 NOTE
r-oldrel-macos-x86_64 0.2.1 56.00 NOTE
r-oldrel-windows-x86_64 0.2.1 4.00 51.00 55.00 NOTE

Check Details

Version: 0.2.1
Check: LazyData
Result: NOTE 'LazyData' is specified without a 'data' directory Flavors: r-devel-linux-x86_64-debian-clang, r-devel-linux-x86_64-debian-gcc, r-devel-linux-x86_64-fedora-clang, r-devel-linux-x86_64-fedora-gcc, r-devel-windows-x86_64, r-patched-linux-x86_64, r-release-linux-x86_64, r-release-macos-arm64, r-release-windows-x86_64, r-oldrel-macos-arm64, r-oldrel-macos-x86_64, r-oldrel-windows-x86_64