CRAN Package Check Results for Package basf

Last updated on 2022-10-01 07:07:51 CEST.

Flavor Version Tinstall Tcheck Ttotal Status Flags
r-devel-linux-x86_64-debian-clang 0.2.0 5.70 75.63 81.33 NOTE
r-devel-linux-x86_64-debian-gcc 0.2.0 4.68 57.22 61.90 NOTE
r-devel-linux-x86_64-fedora-clang 0.2.0 108.26 NOTE
r-devel-linux-x86_64-fedora-gcc 0.2.0 107.69 NOTE
r-devel-windows-x86_64 0.2.0 11.00 97.00 108.00 NOTE
r-patched-linux-x86_64 0.2.0 5.21 69.45 74.66 NOTE
r-release-linux-x86_64 0.2.0 5.82 71.89 77.71 NOTE
r-release-macos-arm64 0.2.0 29.00 NOTE
r-release-macos-x86_64 0.2.0 41.00 NOTE
r-release-windows-x86_64 0.2.0 9.00 98.00 107.00 NOTE
r-oldrel-macos-arm64 0.2.0 31.00 NOTE
r-oldrel-macos-x86_64 0.2.0 39.00 NOTE
r-oldrel-windows-ix86+x86_64 0.2.0 16.00 98.00 114.00 NOTE

Check Details

Version: 0.2.0
Check: LazyData
Result: NOTE
     'LazyData' is specified without a 'data' directory
Flavors: r-devel-linux-x86_64-debian-clang, r-devel-linux-x86_64-debian-gcc, r-devel-linux-x86_64-fedora-clang, r-devel-linux-x86_64-fedora-gcc, r-devel-windows-x86_64, r-patched-linux-x86_64, r-release-linux-x86_64, r-release-macos-arm64, r-release-macos-x86_64, r-release-windows-x86_64, r-oldrel-macos-arm64, r-oldrel-macos-x86_64, r-oldrel-windows-ix86+x86_64